{"version":"1.0","provider_name":"Institut Lib\u00e9ral","provider_url":"https:\/\/www.libinst.ch\/fr\/","author_name":"detailag","author_url":"https:\/\/www.libinst.ch\/fr\/author\/detailag\/","title":"Les droits individuels et le combat contre \u00abl'\u00e9vasion fiscale\u00bb - Institut Lib\u00e9ral","type":"rich","width":600,"height":338,"html":"<blockquote class=\"wp-embedded-content\" data-secret=\"xqOWswUntP\"><a href=\"https:\/\/www.libinst.ch\/fr\/publications\/droits-fiscalite\/\">Les droits individuels et le combat contre \u00abl&rsquo;\u00e9vasion fiscale\u00bb<\/a><\/blockquote><iframe sandbox=\"allow-scripts\" security=\"restricted\" src=\"https:\/\/www.libinst.ch\/fr\/publications\/droits-fiscalite\/embed\/#?secret=xqOWswUntP\" width=\"600\" height=\"338\" title=\"\u00ab\u00a0Les droits individuels et le combat contre \u00abl&rsquo;\u00e9vasion fiscale\u00bb\u00a0\u00bb &#8212; Institut Lib\u00e9ral\" data-secret=\"xqOWswUntP\" frameborder=\"0\" marginwidth=\"0\" marginheight=\"0\" scrolling=\"no\" class=\"wp-embedded-content\"><\/iframe><script>\n\/*! This file is auto-generated *\/\n!function(d,l){\"use strict\";l.querySelector&&d.addEventListener&&\"undefined\"!=typeof URL&&(d.wp=d.wp||{},d.wp.receiveEmbedMessage||(d.wp.receiveEmbedMessage=function(e){var t=e.data;if((t||t.secret||t.message||t.value)&&!\/[^a-zA-Z0-9]\/.test(t.secret)){for(var s,r,n,a=l.querySelectorAll('iframe[data-secret=\"'+t.secret+'\"]'),o=l.querySelectorAll('blockquote[data-secret=\"'+t.secret+'\"]'),c=new RegExp(\"^https?:$\",\"i\"),i=0;i<o.length;i++)o[i].style.display=\"none\";for(i=0;i<a.length;i++)s=a[i],e.source===s.contentWindow&&(s.removeAttribute(\"style\"),\"height\"===t.message?(1e3<(r=parseInt(t.value,10))?r=1e3:~~r<200&&(r=200),s.height=r):\"link\"===t.message&&(r=new URL(s.getAttribute(\"src\")),n=new URL(t.value),c.test(n.protocol))&&n.host===r.host&&l.activeElement===s&&(d.top.location.href=t.value))}},d.addEventListener(\"message\",d.wp.receiveEmbedMessage,!1),l.addEventListener(\"DOMContentLoaded\",function(){for(var e,t,s=l.querySelectorAll(\"iframe.wp-embedded-content\"),r=0;r<s.length;r++)(t=(e=s[r]).getAttribute(\"data-secret\"))||(t=Math.random().toString(36).substring(2,12),e.src+=\"#?secret=\"+t,e.setAttribute(\"data-secret\",t)),e.contentWindow.postMessage({message:\"ready\",secret:t},\"*\")},!1)))}(window,document);\n\/\/# sourceURL=https:\/\/www.libinst.ch\/wp-includes\/js\/wp-embed.min.js\n<\/script>\n","thumbnail_url":"https:\/\/www.libinst.ch\/wp-content\/uploads\/2023\/05\/evasion-fiscale-suisse-article.jpg","thumbnail_width":1920,"thumbnail_height":1283,"description":"Les gouvernements s&rsquo;attaquant \u00e0 l&rsquo;\u00ab\u00e9vasion\u00bb fiscale n&rsquo;ont selon toute vraisemblance aucun argument \u00e9conomique ou moral \u00e0 faire valoir \u00e0 l&rsquo;appui de leur croisade contre leurs citoyens. Tant la justice que la prosp\u00e9rit\u00e9 sont am\u00e9lior\u00e9es de fa\u00e7on significative par la concurrence fiscale et la confidentialit\u00e9 financi\u00e8re. Cependant, il serait \u00e9videmment d\u00e9raisonnable de s&rsquo;attendre \u00e0 ce que [&hellip;]"}

Institut Libéral

Les droits individuels et le combat contre «l'évasion fiscale» - Institut Libéral

<blockquote class="wp-embedded-content" data-secret="xqOWswUntP"><a href="https://www.libinst.ch/fr/publications/droits-fiscalite/">Les droits individuels et le combat contre «l&rsquo;évasion fiscale»</a></blockquote><iframe sandbox="allow-scripts" security="restricted" src="https://www.libinst.ch/fr/publications/droits-fiscalite/embed/#?secret=xqOWswUntP" width="600" height="338" title="« Les droits individuels et le combat contre «l&rsquo;évasion fiscale» » &#8212; Institut Libéral" data-secret="xqOWswUntP" frameborder="0" marginwidth="0" marginheight="0" scrolling="no" class="wp-embedded-content"></iframe><script>
/*! This file is auto-generated */
!function(d,l){"use strict";l.querySelector&&d.addEventListener&&"undefined"!=typeof URL&&(d.wp=d.wp||{},d.wp.receiveEmbedMessage||(d.wp.receiveEmbedMessage=function(e){var t=e.data;if((t||t.secret||t.message||t.value)&&!/[^a-zA-Z0-9]/.test(t.secret)){for(var s,r,n,a=l.querySelectorAll('iframe[data-secret="'+t.secret+'"]'),o=l.querySelectorAll('blockquote[data-secret="'+t.secret+'"]'),c=new RegExp("^https?:$","i"),i=0;i<o.length;i++)o[i].style.display="none";for(i=0;i<a.length;i++)s=a[i],e.source===s.contentWindow&&(s.removeAttribute("style"),"height"===t.message?(1e3<(r=parseInt(t.value,10))?r=1e3:~~r<200&&(r=200),s.height=r):"link"===t.message&&(r=new URL(s.getAttribute("src")),n=new URL(t.value),c.test(n.protocol))&&n.host===r.host&&l.activeElement===s&&(d.top.location.href=t.value))}},d.addEventListener("message",d.wp.receiveEmbedMessage,!1),l.addEventListener("DOMContentLoaded",function(){for(var e,t,s=l.querySelectorAll("iframe.wp-embedded-content"),r=0;r<s.length;r++)(t=(e=s[r]).getAttribute("data-secret"))||(t=Math.random().toString(36).substring(2,12),e.src+="#?secret="+t,e.setAttribute("data-secret",t)),e.contentWindow.postMessage({message:"ready",secret:t},"*")},!1)))}(window,document);
//# sourceURL=https://www.libinst.ch/wp-includes/js/wp-embed.min.js
</script>

Les gouvernements s&rsquo;attaquant à l&rsquo;«évasion» fiscale n&rsquo;ont selon toute vraisemblance aucun argument économique ou moral à faire valoir à l&rsquo;appui de leur croisade contre leurs citoyens. Tant la justice que la prospérité sont améliorées de façon significative par la concurrence fiscale et la confidentialité financière. Cependant, il serait évidemment déraisonnable de s&rsquo;attendre à ce que [&hellip;]
