{"id":12085,"date":"2007-03-10T00:00:00","date_gmt":"2007-03-09T23:00:00","guid":{"rendered":"https:\/\/libinst.detail-digital.ch\/denkanstoesse\/la-tva-un-impot-silencieux-mais-nocif\/"},"modified":"2007-03-10T00:00:00","modified_gmt":"2007-03-09T23:00:00","slug":"la-tva-un-impot-silencieux-mais-nocif","status":"publish","type":"denkanstoesse","link":"https:\/\/www.libinst.ch\/fr\/publications\/la-tva-un-impot-silencieux-mais-nocif\/","title":{"rendered":"La TVA, un imp\u00f4t silencieux mais nocif"},"content":{"rendered":"<p>La taxe sur la valeur ajout\u00e9e (TVA) b\u00e9n\u00e9ficie g\u00e9n\u00e9ralement d&rsquo;une r\u00e9putation favorable et semble d\u00e9tenir la solution \u00e0 de nombreux probl\u00e8mes politiques. Or, invent\u00e9e durant les ann\u00e9es 1950, la TVA a surtout \u00e9t\u00e9 conceptualis\u00e9e pour \u00e9viter le contournement de l&rsquo;imp\u00f4t, en n\u00e9cessitant un paiement de chaque entrepreneur intervenant dans le circuit de production puis de distribution. Elle s&rsquo;av\u00e8re un moyen redoutable de ponction fiscale.<\/p>\n<p>Dans la pratique, la TVA se caract\u00e9rise par un regard \u00e9tendu de l&rsquo;\u00c9tat sur l&rsquo;ensemble des \u00e9changes ainsi que par des charges administratives extr\u00eamement lourdes. \u00c9tant donn\u00e9 que l&rsquo;imp\u00f4t touche presque toutes les transactions du circuit \u00e9conomique et que l&rsquo;\u00e9conomie, interd\u00e9pendante et transcendant les fronti\u00e8res nationales, tend \u00e0 se complexifier, la simplification de la TVA pr\u00e9vue par le gouvernement f\u00e9d\u00e9ral ne pourra gu\u00e8re corriger cette situation.<\/p>\n<p>Contrairement \u00e0 ce qui est souvent affirm\u00e9, la TVA n&rsquo;est pas un imp\u00f4t \u00ab\u00a0sur la consommation\u00a0\u00bb, mais, comme son nom l&rsquo;indique, sur la valeur ajout\u00e9e, c&rsquo;est-\u00e0-dire sur des r\u00e9mun\u00e9rations. Malgr\u00e9 ses sp\u00e9cificit\u00e9s administratives, la TVA frappe donc le revenu au m\u00eame titre que l&rsquo;imp\u00f4t sur le revenu ou les pr\u00e9l\u00e8vements salariaux, ce qui implique qu&rsquo;elle exerce un impact autant sur la consommation que sur l&rsquo;\u00e9pargne, qui n&rsquo;est d&rsquo;ailleurs souvent rien d&rsquo;autre qu&rsquo;une consommation future. La TVA se traduit en cons\u00e9quence par un impact n\u00e9gatif consid\u00e9rable sur l&#8217;emploi et les investissements.<\/p>\n<p>Il appara\u00eet donc que la TVA, loin d&rsquo;\u00eatre un imp\u00f4t pr\u00e9f\u00e9rable \u00e0 un autre, ne constitue ni une solution aux probl\u00e8mes de financement des programmes \u00e9tatiques, ni une alternative cr\u00e9dible \u00e0 d&rsquo;autres imp\u00f4ts.<\/p>\n<p class=\"center\"><b>Lire l&rsquo;\u00e9tude\u00a0: <a href=\"\/publications\/IL-Bessard-TVA.pdf\">La TVA, un imp\u00f4t silencieux mais nocif<\/a> (15 pages, PDF)<\/b><\/p>\n","protected":false},"featured_media":8777,"template":"","tag":[180,1332,182,1358],"class_list":["post-12085","denkanstoesse","type-denkanstoesse","status-publish","has-post-thumbnail","hentry","tags-fiscalite","tags-imposition","tags-liberte-economique-et-croissance","tags-tva"],"acf":[],"yoast_head":"<!-- This site is optimized with the Yoast SEO plugin v27.3 - https:\/\/yoast.com\/product\/yoast-seo-wordpress\/ -->\n<title>La TVA, un imp\u00f4t silencieux mais nocif - Institut Lib\u00e9ral<\/title>\n<meta name=\"robots\" content=\"index, follow, max-snippet:-1, max-image-preview:large, max-video-preview:-1\" \/>\n<link rel=\"canonical\" href=\"https:\/\/www.libinst.ch\/fr\/publications\/la-tva-un-impot-silencieux-mais-nocif\/\" \/>\n<meta property=\"og:locale\" content=\"fr_FR\" \/>\n<meta property=\"og:type\" content=\"article\" \/>\n<meta property=\"og:title\" content=\"La TVA, un imp\u00f4t silencieux mais nocif - Institut Lib\u00e9ral\" \/>\n<meta property=\"og:description\" content=\"La taxe sur la valeur ajout\u00e9e (TVA) b\u00e9n\u00e9ficie g\u00e9n\u00e9ralement d&rsquo;une r\u00e9putation favorable et semble d\u00e9tenir la solution \u00e0 de nombreux probl\u00e8mes politiques. Or, invent\u00e9e durant les ann\u00e9es 1950, la TVA a surtout \u00e9t\u00e9 conceptualis\u00e9e pour \u00e9viter le contournement de l&rsquo;imp\u00f4t, en n\u00e9cessitant un paiement de chaque entrepreneur intervenant dans le circuit de production puis de [&hellip;]\" \/>\n<meta property=\"og:url\" content=\"https:\/\/www.libinst.ch\/fr\/publications\/la-tva-un-impot-silencieux-mais-nocif\/\" \/>\n<meta property=\"og:site_name\" content=\"Institut Lib\u00e9ral\" \/>\n<meta property=\"og:image\" content=\"https:\/\/www.libinst.ch\/wp-content\/uploads\/2023\/05\/croissance-tva-frein-article.jpg\" \/>\n\t<meta property=\"og:image:width\" content=\"1920\" \/>\n\t<meta property=\"og:image:height\" content=\"1280\" \/>\n\t<meta property=\"og:image:type\" content=\"image\/jpeg\" \/>\n<meta name=\"twitter:card\" content=\"summary_large_image\" \/>\n<meta name=\"twitter:label1\" content=\"Dur\u00e9e de lecture estim\u00e9e\" \/>\n\t<meta name=\"twitter:data1\" content=\"2 minutes\" \/>\n<script type=\"application\/ld+json\" class=\"yoast-schema-graph\">{\"@context\":\"https:\\\/\\\/schema.org\",\"@graph\":[{\"@type\":\"WebPage\",\"@id\":\"https:\\\/\\\/www.libinst.ch\\\/fr\\\/publications\\\/la-tva-un-impot-silencieux-mais-nocif\\\/\",\"url\":\"https:\\\/\\\/www.libinst.ch\\\/fr\\\/publications\\\/la-tva-un-impot-silencieux-mais-nocif\\\/\",\"name\":\"La TVA, un imp\u00f4t silencieux mais nocif - Institut Lib\u00e9ral\",\"isPartOf\":{\"@id\":\"\\\/#website\"},\"primaryImageOfPage\":{\"@id\":\"https:\\\/\\\/www.libinst.ch\\\/fr\\\/publications\\\/la-tva-un-impot-silencieux-mais-nocif\\\/#primaryimage\"},\"image\":{\"@id\":\"https:\\\/\\\/www.libinst.ch\\\/fr\\\/publications\\\/la-tva-un-impot-silencieux-mais-nocif\\\/#primaryimage\"},\"thumbnailUrl\":\"https:\\\/\\\/www.libinst.ch\\\/wp-content\\\/uploads\\\/2023\\\/05\\\/croissance-tva-frein-article.jpg\",\"datePublished\":\"2007-03-09T23:00:00+00:00\",\"breadcrumb\":{\"@id\":\"https:\\\/\\\/www.libinst.ch\\\/fr\\\/publications\\\/la-tva-un-impot-silencieux-mais-nocif\\\/#breadcrumb\"},\"inLanguage\":\"fr-FR\",\"potentialAction\":[{\"@type\":\"ReadAction\",\"target\":[\"https:\\\/\\\/www.libinst.ch\\\/fr\\\/publications\\\/la-tva-un-impot-silencieux-mais-nocif\\\/\"]}]},{\"@type\":\"ImageObject\",\"inLanguage\":\"fr-FR\",\"@id\":\"https:\\\/\\\/www.libinst.ch\\\/fr\\\/publications\\\/la-tva-un-impot-silencieux-mais-nocif\\\/#primaryimage\",\"url\":\"https:\\\/\\\/www.libinst.ch\\\/wp-content\\\/uploads\\\/2023\\\/05\\\/croissance-tva-frein-article.jpg\",\"contentUrl\":\"https:\\\/\\\/www.libinst.ch\\\/wp-content\\\/uploads\\\/2023\\\/05\\\/croissance-tva-frein-article.jpg\",\"width\":1920,\"height\":1280,\"caption\":\"Personal development, personal and career growth, progress and potential concepts. Coach (human resources officer, manager, mentor) motivate employee to growth.\"},{\"@type\":\"BreadcrumbList\",\"@id\":\"https:\\\/\\\/www.libinst.ch\\\/fr\\\/publications\\\/la-tva-un-impot-silencieux-mais-nocif\\\/#breadcrumb\",\"itemListElement\":[{\"@type\":\"ListItem\",\"position\":1,\"name\":\"Home\",\"item\":\"https:\\\/\\\/www.libinst.ch\\\/\"},{\"@type\":\"ListItem\",\"position\":2,\"name\":\"La TVA, un imp\u00f4t silencieux mais nocif\"}]},{\"@type\":\"WebSite\",\"@id\":\"\\\/#website\",\"url\":\"\\\/\",\"name\":\"Institut Lib\u00e9ral\",\"description\":\"\",\"publisher\":{\"@id\":\"\\\/#organization\"},\"potentialAction\":[{\"@type\":\"SearchAction\",\"target\":{\"@type\":\"EntryPoint\",\"urlTemplate\":\"\\\/?s={search_term_string}\"},\"query-input\":{\"@type\":\"PropertyValueSpecification\",\"valueRequired\":true,\"valueName\":\"search_term_string\"}}],\"inLanguage\":\"fr-FR\"},{\"@type\":\"Organization\",\"@id\":\"\\\/#organization\",\"name\":\"Institut Lib\u00e9ral\",\"url\":\"\\\/\",\"logo\":{\"@type\":\"ImageObject\",\"inLanguage\":\"fr-FR\",\"@id\":\"\\\/#\\\/schema\\\/logo\\\/image\\\/\",\"url\":\"https:\\\/\\\/www.libinst.ch\\\/wp-content\\\/uploads\\\/2023\\\/08\\\/logo-institut-liberal.png\",\"contentUrl\":\"https:\\\/\\\/www.libinst.ch\\\/wp-content\\\/uploads\\\/2023\\\/08\\\/logo-institut-liberal.png\",\"width\":2935,\"height\":458,\"caption\":\"Institut Lib\u00e9ral\"},\"image\":{\"@id\":\"\\\/#\\\/schema\\\/logo\\\/image\\\/\"}}]}<\/script>\n<!-- \/ Yoast SEO plugin. -->","yoast_head_json":{"title":"La TVA, un imp\u00f4t silencieux mais nocif - Institut Lib\u00e9ral","robots":{"index":"index","follow":"follow","max-snippet":"max-snippet:-1","max-image-preview":"max-image-preview:large","max-video-preview":"max-video-preview:-1"},"canonical":"https:\/\/www.libinst.ch\/fr\/publications\/la-tva-un-impot-silencieux-mais-nocif\/","og_locale":"fr_FR","og_type":"article","og_title":"La TVA, un imp\u00f4t silencieux mais nocif - Institut Lib\u00e9ral","og_description":"La taxe sur la valeur ajout\u00e9e (TVA) b\u00e9n\u00e9ficie g\u00e9n\u00e9ralement d&rsquo;une r\u00e9putation favorable et semble d\u00e9tenir la solution \u00e0 de nombreux probl\u00e8mes politiques. Or, invent\u00e9e durant les ann\u00e9es 1950, la TVA a surtout \u00e9t\u00e9 conceptualis\u00e9e pour \u00e9viter le contournement de l&rsquo;imp\u00f4t, en n\u00e9cessitant un paiement de chaque entrepreneur intervenant dans le circuit de production puis de [&hellip;]","og_url":"https:\/\/www.libinst.ch\/fr\/publications\/la-tva-un-impot-silencieux-mais-nocif\/","og_site_name":"Institut Lib\u00e9ral","og_image":[{"width":1920,"height":1280,"url":"https:\/\/www.libinst.ch\/wp-content\/uploads\/2023\/05\/croissance-tva-frein-article.jpg","type":"image\/jpeg"}],"twitter_card":"summary_large_image","twitter_misc":{"Dur\u00e9e de lecture estim\u00e9e":"2 minutes"},"schema":{"@context":"https:\/\/schema.org","@graph":[{"@type":"WebPage","@id":"https:\/\/www.libinst.ch\/fr\/publications\/la-tva-un-impot-silencieux-mais-nocif\/","url":"https:\/\/www.libinst.ch\/fr\/publications\/la-tva-un-impot-silencieux-mais-nocif\/","name":"La TVA, un imp\u00f4t silencieux mais nocif - Institut Lib\u00e9ral","isPartOf":{"@id":"\/#website"},"primaryImageOfPage":{"@id":"https:\/\/www.libinst.ch\/fr\/publications\/la-tva-un-impot-silencieux-mais-nocif\/#primaryimage"},"image":{"@id":"https:\/\/www.libinst.ch\/fr\/publications\/la-tva-un-impot-silencieux-mais-nocif\/#primaryimage"},"thumbnailUrl":"https:\/\/www.libinst.ch\/wp-content\/uploads\/2023\/05\/croissance-tva-frein-article.jpg","datePublished":"2007-03-09T23:00:00+00:00","breadcrumb":{"@id":"https:\/\/www.libinst.ch\/fr\/publications\/la-tva-un-impot-silencieux-mais-nocif\/#breadcrumb"},"inLanguage":"fr-FR","potentialAction":[{"@type":"ReadAction","target":["https:\/\/www.libinst.ch\/fr\/publications\/la-tva-un-impot-silencieux-mais-nocif\/"]}]},{"@type":"ImageObject","inLanguage":"fr-FR","@id":"https:\/\/www.libinst.ch\/fr\/publications\/la-tva-un-impot-silencieux-mais-nocif\/#primaryimage","url":"https:\/\/www.libinst.ch\/wp-content\/uploads\/2023\/05\/croissance-tva-frein-article.jpg","contentUrl":"https:\/\/www.libinst.ch\/wp-content\/uploads\/2023\/05\/croissance-tva-frein-article.jpg","width":1920,"height":1280,"caption":"Personal development, personal and career growth, progress and potential concepts. Coach (human resources officer, manager, mentor) motivate employee to growth."},{"@type":"BreadcrumbList","@id":"https:\/\/www.libinst.ch\/fr\/publications\/la-tva-un-impot-silencieux-mais-nocif\/#breadcrumb","itemListElement":[{"@type":"ListItem","position":1,"name":"Home","item":"https:\/\/www.libinst.ch\/"},{"@type":"ListItem","position":2,"name":"La TVA, un imp\u00f4t silencieux mais nocif"}]},{"@type":"WebSite","@id":"\/#website","url":"\/","name":"Institut Lib\u00e9ral","description":"","publisher":{"@id":"\/#organization"},"potentialAction":[{"@type":"SearchAction","target":{"@type":"EntryPoint","urlTemplate":"\/?s={search_term_string}"},"query-input":{"@type":"PropertyValueSpecification","valueRequired":true,"valueName":"search_term_string"}}],"inLanguage":"fr-FR"},{"@type":"Organization","@id":"\/#organization","name":"Institut Lib\u00e9ral","url":"\/","logo":{"@type":"ImageObject","inLanguage":"fr-FR","@id":"\/#\/schema\/logo\/image\/","url":"https:\/\/www.libinst.ch\/wp-content\/uploads\/2023\/08\/logo-institut-liberal.png","contentUrl":"https:\/\/www.libinst.ch\/wp-content\/uploads\/2023\/08\/logo-institut-liberal.png","width":2935,"height":458,"caption":"Institut Lib\u00e9ral"},"image":{"@id":"\/#\/schema\/logo\/image\/"}}]}},"_links":{"self":[{"href":"https:\/\/www.libinst.ch\/fr\/wp-json\/wp\/v2\/denkanstoesse\/12085","targetHints":{"allow":["GET"]}}],"collection":[{"href":"https:\/\/www.libinst.ch\/fr\/wp-json\/wp\/v2\/denkanstoesse"}],"about":[{"href":"https:\/\/www.libinst.ch\/fr\/wp-json\/wp\/v2\/types\/denkanstoesse"}],"wp:featuredmedia":[{"embeddable":true,"href":"https:\/\/www.libinst.ch\/fr\/wp-json\/wp\/v2\/media\/8777"}],"wp:attachment":[{"href":"https:\/\/www.libinst.ch\/fr\/wp-json\/wp\/v2\/media?parent=12085"}],"wp:term":[{"taxonomy":"tags","embeddable":true,"href":"https:\/\/www.libinst.ch\/fr\/wp-json\/wp\/v2\/tag?post=12085"}],"curies":[{"name":"wp","href":"https:\/\/api.w.org\/{rel}","templated":true}]}}

La TVA, un impôt silencieux mais nocif

<p>La taxe sur la valeur ajoutée (TVA) bénéficie généralement d&rsquo;une réputation favorable et semble détenir la solution à de nombreux problèmes politiques. Or, inventée durant les années 1950, la TVA a surtout été conceptualisée pour éviter le contournement de l&rsquo;impôt, en nécessitant un paiement de chaque entrepreneur intervenant dans le circuit de production puis de distribution. Elle s&rsquo;avère un moyen redoutable de ponction fiscale.</p>
<p>Dans la pratique, la TVA se caractérise par un regard étendu de l&rsquo;État sur l&rsquo;ensemble des échanges ainsi que par des charges administratives extrêmement lourdes. Étant donné que l&rsquo;impôt touche presque toutes les transactions du circuit économique et que l&rsquo;économie, interdépendante et transcendant les frontières nationales, tend à se complexifier, la simplification de la TVA prévue par le gouvernement fédéral ne pourra guère corriger cette situation.</p>
<p>Contrairement à ce qui est souvent affirmé, la TVA n&rsquo;est pas un impôt « sur la consommation », mais, comme son nom l&rsquo;indique, sur la valeur ajoutée, c&rsquo;est-à-dire sur des rémunérations. Malgré ses spécificités administratives, la TVA frappe donc le revenu au même titre que l&rsquo;impôt sur le revenu ou les prélèvements salariaux, ce qui implique qu&rsquo;elle exerce un impact autant sur la consommation que sur l&rsquo;épargne, qui n&rsquo;est d&rsquo;ailleurs souvent rien d&rsquo;autre qu&rsquo;une consommation future. La TVA se traduit en conséquence par un impact négatif considérable sur l&#8217;emploi et les investissements.</p>
<p>Il apparaît donc que la TVA, loin d&rsquo;être un impôt préférable à un autre, ne constitue ni une solution aux problèmes de financement des programmes étatiques, ni une alternative crédible à d&rsquo;autres impôts.</p>
<p class="center"><b>Lire l&rsquo;étude : <a href="/publications/IL-Bessard-TVA.pdf">La TVA, un impôt silencieux mais nocif</a> (15 pages, PDF)</b></p>

<!-- This site is optimized with the Yoast SEO plugin v27.3 - https://yoast.com/product/yoast-seo-wordpress/ -->
<title>La TVA, un impôt silencieux mais nocif - Institut Libéral</title>
<meta name="robots" content="index, follow, max-snippet:-1, max-image-preview:large, max-video-preview:-1" />
<link rel="canonical" href="https://www.libinst.ch/fr/publications/la-tva-un-impot-silencieux-mais-nocif/" />
<meta property="og:locale" content="fr_FR" />
<meta property="og:type" content="article" />
<meta property="og:title" content="La TVA, un impôt silencieux mais nocif - Institut Libéral" />
<meta property="og:description" content="La taxe sur la valeur ajoutée (TVA) bénéficie généralement d&rsquo;une réputation favorable et semble détenir la solution à de nombreux problèmes politiques. Or, inventée durant les années 1950, la TVA a surtout été conceptualisée pour éviter le contournement de l&rsquo;impôt, en nécessitant un paiement de chaque entrepreneur intervenant dans le circuit de production puis de [&hellip;]" />
<meta property="og:url" content="https://www.libinst.ch/fr/publications/la-tva-un-impot-silencieux-mais-nocif/" />
<meta property="og:site_name" content="Institut Libéral" />
<meta property="og:image" content="https://www.libinst.ch/wp-content/uploads/2023/05/croissance-tva-frein-article.jpg" />
	<meta property="og:image:width" content="1920" />
	<meta property="og:image:height" content="1280" />
	<meta property="og:image:type" content="image/jpeg" />
<meta name="twitter:card" content="summary_large_image" />
<meta name="twitter:label1" content="Durée de lecture estimée" />
	<meta name="twitter:data1" content="2 minutes" />
<script type="application/ld+json" class="yoast-schema-graph">{"@context":"https:\/\/schema.org","@graph":[{"@type":"WebPage","@id":"https:\/\/www.libinst.ch\/fr\/publications\/la-tva-un-impot-silencieux-mais-nocif\/","url":"https:\/\/www.libinst.ch\/fr\/publications\/la-tva-un-impot-silencieux-mais-nocif\/","name":"La TVA, un impôt silencieux mais nocif - Institut Libéral","isPartOf":{"@id":"\/#website"},"primaryImageOfPage":{"@id":"https:\/\/www.libinst.ch\/fr\/publications\/la-tva-un-impot-silencieux-mais-nocif\/#primaryimage"},"image":{"@id":"https:\/\/www.libinst.ch\/fr\/publications\/la-tva-un-impot-silencieux-mais-nocif\/#primaryimage"},"thumbnailUrl":"https:\/\/www.libinst.ch\/wp-content\/uploads\/2023\/05\/croissance-tva-frein-article.jpg","datePublished":"2007-03-09T23:00:00+00:00","breadcrumb":{"@id":"https:\/\/www.libinst.ch\/fr\/publications\/la-tva-un-impot-silencieux-mais-nocif\/#breadcrumb"},"inLanguage":"fr-FR","potentialAction":[{"@type":"ReadAction","target":["https:\/\/www.libinst.ch\/fr\/publications\/la-tva-un-impot-silencieux-mais-nocif\/"]}]},{"@type":"ImageObject","inLanguage":"fr-FR","@id":"https:\/\/www.libinst.ch\/fr\/publications\/la-tva-un-impot-silencieux-mais-nocif\/#primaryimage","url":"https:\/\/www.libinst.ch\/wp-content\/uploads\/2023\/05\/croissance-tva-frein-article.jpg","contentUrl":"https:\/\/www.libinst.ch\/wp-content\/uploads\/2023\/05\/croissance-tva-frein-article.jpg","width":1920,"height":1280,"caption":"Personal development, personal and career growth, progress and potential concepts. Coach (human resources officer, manager, mentor) motivate employee to growth."},{"@type":"BreadcrumbList","@id":"https:\/\/www.libinst.ch\/fr\/publications\/la-tva-un-impot-silencieux-mais-nocif\/#breadcrumb","itemListElement":[{"@type":"ListItem","position":1,"name":"Home","item":"https:\/\/www.libinst.ch\/"},{"@type":"ListItem","position":2,"name":"La TVA, un impôt silencieux mais nocif"}]},{"@type":"WebSite","@id":"\/#website","url":"\/","name":"Institut Libéral","description":"","publisher":{"@id":"\/#organization"},"potentialAction":[{"@type":"SearchAction","target":{"@type":"EntryPoint","urlTemplate":"\/?s={search_term_string}"},"query-input":{"@type":"PropertyValueSpecification","valueRequired":true,"valueName":"search_term_string"}}],"inLanguage":"fr-FR"},{"@type":"Organization","@id":"\/#organization","name":"Institut Libéral","url":"\/","logo":{"@type":"ImageObject","inLanguage":"fr-FR","@id":"\/#\/schema\/logo\/image\/","url":"https:\/\/www.libinst.ch\/wp-content\/uploads\/2023\/08\/logo-institut-liberal.png","contentUrl":"https:\/\/www.libinst.ch\/wp-content\/uploads\/2023\/08\/logo-institut-liberal.png","width":2935,"height":458,"caption":"Institut Libéral"},"image":{"@id":"\/#\/schema\/logo\/image\/"}}]}</script>
<!-- / Yoast SEO plugin. -->

La TVA, un impôt silencieux mais nocif - Institut Libéral

La taxe sur la valeur ajoutée (TVA) bénéficie généralement d&rsquo;une réputation favorable et semble détenir la solution à de nombreux problèmes politiques. Or, inventée durant les années 1950, la TVA a surtout été conceptualisée pour éviter le contournement de l&rsquo;impôt, en nécessitant un paiement de chaque entrepreneur intervenant dans le circuit de production puis de [&hellip;]

Institut Libéral
