{"id":12156,"date":"2014-10-14T00:00:00","date_gmt":"2014-10-13T22:00:00","guid":{"rendered":"https:\/\/libinst.detail-digital.ch\/denkanstoesse\/charles-monnard-lethique-de-la-responsabilite\/"},"modified":"2014-10-14T00:00:00","modified_gmt":"2014-10-13T22:00:00","slug":"charles-monnard-lethique-de-la-responsabilite","status":"publish","type":"denkanstoesse","link":"https:\/\/www.libinst.ch\/fr\/publications\/charles-monnard-lethique-de-la-responsabilite\/","title":{"rendered":"Charles Monnard: l&rsquo;\u00e9thique de la responsabilit\u00e9"},"content":{"rendered":"","protected":false},"featured_media":10425,"template":"","tag":[183,1331,592,799],"class_list":["post-12156","denkanstoesse","type-denkanstoesse","status-publish","has-post-thumbnail","hentry","tags-autonomie-privee","tags-charles-monnard","tags-liberte","tags-religion"],"acf":[],"yoast_head":"<!-- This site is optimized with the Yoast SEO plugin v27.3 - https:\/\/yoast.com\/product\/yoast-seo-wordpress\/ -->\n<title>Charles Monnard: l&#039;\u00e9thique de la responsabilit\u00e9 - Institut Lib\u00e9ral<\/title>\n<meta name=\"robots\" content=\"index, follow, max-snippet:-1, max-image-preview:large, max-video-preview:-1\" \/>\n<link rel=\"canonical\" href=\"https:\/\/www.libinst.ch\/fr\/pistes-de-reflexion\/charles-monnard-lethique-de-la-responsabilite\/\" \/>\n<meta property=\"og:locale\" content=\"fr_FR\" \/>\n<meta property=\"og:type\" content=\"article\" \/>\n<meta property=\"og:title\" content=\"Charles Monnard: l&#039;\u00e9thique de la responsabilit\u00e9 - Institut Lib\u00e9ral\" \/>\n<meta property=\"og:url\" content=\"https:\/\/www.libinst.ch\/fr\/pistes-de-reflexion\/charles-monnard-lethique-de-la-responsabilite\/\" \/>\n<meta property=\"og:site_name\" content=\"Institut Lib\u00e9ral\" \/>\n<meta property=\"og:image\" content=\"https:\/\/www.libinst.ch\/wp-content\/uploads\/2023\/05\/responsabilite-livre.jpg\" \/>\n\t<meta property=\"og:image:width\" content=\"1920\" \/>\n\t<meta property=\"og:image:height\" content=\"1272\" \/>\n\t<meta property=\"og:image:type\" content=\"image\/jpeg\" \/>\n<meta name=\"twitter:card\" content=\"summary_large_image\" \/>\n<script type=\"application\/ld+json\" class=\"yoast-schema-graph\">{\"@context\":\"https:\\\/\\\/schema.org\",\"@graph\":[{\"@type\":\"WebPage\",\"@id\":\"https:\\\/\\\/www.libinst.ch\\\/fr\\\/pistes-de-reflexion\\\/charles-monnard-lethique-de-la-responsabilite\\\/\",\"url\":\"https:\\\/\\\/www.libinst.ch\\\/fr\\\/pistes-de-reflexion\\\/charles-monnard-lethique-de-la-responsabilite\\\/\",\"name\":\"Charles Monnard: l'\u00e9thique de la responsabilit\u00e9 - Institut Lib\u00e9ral\",\"isPartOf\":{\"@id\":\"\\\/#website\"},\"primaryImageOfPage\":{\"@id\":\"https:\\\/\\\/www.libinst.ch\\\/fr\\\/pistes-de-reflexion\\\/charles-monnard-lethique-de-la-responsabilite\\\/#primaryimage\"},\"image\":{\"@id\":\"https:\\\/\\\/www.libinst.ch\\\/fr\\\/pistes-de-reflexion\\\/charles-monnard-lethique-de-la-responsabilite\\\/#primaryimage\"},\"thumbnailUrl\":\"https:\\\/\\\/www.libinst.ch\\\/wp-content\\\/uploads\\\/2023\\\/05\\\/responsabilite-livre.jpg\",\"datePublished\":\"2014-10-13T22:00:00+00:00\",\"breadcrumb\":{\"@id\":\"https:\\\/\\\/www.libinst.ch\\\/fr\\\/pistes-de-reflexion\\\/charles-monnard-lethique-de-la-responsabilite\\\/#breadcrumb\"},\"inLanguage\":\"fr-FR\",\"potentialAction\":[{\"@type\":\"ReadAction\",\"target\":[\"https:\\\/\\\/www.libinst.ch\\\/fr\\\/pistes-de-reflexion\\\/charles-monnard-lethique-de-la-responsabilite\\\/\"]}]},{\"@type\":\"ImageObject\",\"inLanguage\":\"fr-FR\",\"@id\":\"https:\\\/\\\/www.libinst.ch\\\/fr\\\/pistes-de-reflexion\\\/charles-monnard-lethique-de-la-responsabilite\\\/#primaryimage\",\"url\":\"https:\\\/\\\/www.libinst.ch\\\/wp-content\\\/uploads\\\/2023\\\/05\\\/responsabilite-livre.jpg\",\"contentUrl\":\"https:\\\/\\\/www.libinst.ch\\\/wp-content\\\/uploads\\\/2023\\\/05\\\/responsabilite-livre.jpg\",\"width\":1920,\"height\":1272,\"caption\":\"Men balanced on seesaw over a single man\"},{\"@type\":\"BreadcrumbList\",\"@id\":\"https:\\\/\\\/www.libinst.ch\\\/fr\\\/pistes-de-reflexion\\\/charles-monnard-lethique-de-la-responsabilite\\\/#breadcrumb\",\"itemListElement\":[{\"@type\":\"ListItem\",\"position\":1,\"name\":\"Home\",\"item\":\"https:\\\/\\\/www.libinst.ch\\\/\"},{\"@type\":\"ListItem\",\"position\":2,\"name\":\"Charles Monnard: l&#8217;\u00e9thique de la responsabilit\u00e9\"}]},{\"@type\":\"WebSite\",\"@id\":\"\\\/#website\",\"url\":\"\\\/\",\"name\":\"Institut Lib\u00e9ral\",\"description\":\"\",\"publisher\":{\"@id\":\"\\\/#organization\"},\"potentialAction\":[{\"@type\":\"SearchAction\",\"target\":{\"@type\":\"EntryPoint\",\"urlTemplate\":\"\\\/?s={search_term_string}\"},\"query-input\":{\"@type\":\"PropertyValueSpecification\",\"valueRequired\":true,\"valueName\":\"search_term_string\"}}],\"inLanguage\":\"fr-FR\"},{\"@type\":\"Organization\",\"@id\":\"\\\/#organization\",\"name\":\"Institut Lib\u00e9ral\",\"url\":\"\\\/\",\"logo\":{\"@type\":\"ImageObject\",\"inLanguage\":\"fr-FR\",\"@id\":\"\\\/#\\\/schema\\\/logo\\\/image\\\/\",\"url\":\"https:\\\/\\\/www.libinst.ch\\\/wp-content\\\/uploads\\\/2023\\\/08\\\/logo-institut-liberal.png\",\"contentUrl\":\"https:\\\/\\\/www.libinst.ch\\\/wp-content\\\/uploads\\\/2023\\\/08\\\/logo-institut-liberal.png\",\"width\":2935,\"height\":458,\"caption\":\"Institut Lib\u00e9ral\"},\"image\":{\"@id\":\"\\\/#\\\/schema\\\/logo\\\/image\\\/\"}}]}<\/script>\n<!-- \/ Yoast SEO plugin. -->","yoast_head_json":{"title":"Charles Monnard: l'\u00e9thique de la responsabilit\u00e9 - Institut Lib\u00e9ral","robots":{"index":"index","follow":"follow","max-snippet":"max-snippet:-1","max-image-preview":"max-image-preview:large","max-video-preview":"max-video-preview:-1"},"canonical":"https:\/\/www.libinst.ch\/fr\/pistes-de-reflexion\/charles-monnard-lethique-de-la-responsabilite\/","og_locale":"fr_FR","og_type":"article","og_title":"Charles Monnard: l'\u00e9thique de la responsabilit\u00e9 - Institut Lib\u00e9ral","og_url":"https:\/\/www.libinst.ch\/fr\/pistes-de-reflexion\/charles-monnard-lethique-de-la-responsabilite\/","og_site_name":"Institut Lib\u00e9ral","og_image":[{"width":1920,"height":1272,"url":"https:\/\/www.libinst.ch\/wp-content\/uploads\/2023\/05\/responsabilite-livre.jpg","type":"image\/jpeg"}],"twitter_card":"summary_large_image","schema":{"@context":"https:\/\/schema.org","@graph":[{"@type":"WebPage","@id":"https:\/\/www.libinst.ch\/fr\/pistes-de-reflexion\/charles-monnard-lethique-de-la-responsabilite\/","url":"https:\/\/www.libinst.ch\/fr\/pistes-de-reflexion\/charles-monnard-lethique-de-la-responsabilite\/","name":"Charles Monnard: l'\u00e9thique de la responsabilit\u00e9 - Institut Lib\u00e9ral","isPartOf":{"@id":"\/#website"},"primaryImageOfPage":{"@id":"https:\/\/www.libinst.ch\/fr\/pistes-de-reflexion\/charles-monnard-lethique-de-la-responsabilite\/#primaryimage"},"image":{"@id":"https:\/\/www.libinst.ch\/fr\/pistes-de-reflexion\/charles-monnard-lethique-de-la-responsabilite\/#primaryimage"},"thumbnailUrl":"https:\/\/www.libinst.ch\/wp-content\/uploads\/2023\/05\/responsabilite-livre.jpg","datePublished":"2014-10-13T22:00:00+00:00","breadcrumb":{"@id":"https:\/\/www.libinst.ch\/fr\/pistes-de-reflexion\/charles-monnard-lethique-de-la-responsabilite\/#breadcrumb"},"inLanguage":"fr-FR","potentialAction":[{"@type":"ReadAction","target":["https:\/\/www.libinst.ch\/fr\/pistes-de-reflexion\/charles-monnard-lethique-de-la-responsabilite\/"]}]},{"@type":"ImageObject","inLanguage":"fr-FR","@id":"https:\/\/www.libinst.ch\/fr\/pistes-de-reflexion\/charles-monnard-lethique-de-la-responsabilite\/#primaryimage","url":"https:\/\/www.libinst.ch\/wp-content\/uploads\/2023\/05\/responsabilite-livre.jpg","contentUrl":"https:\/\/www.libinst.ch\/wp-content\/uploads\/2023\/05\/responsabilite-livre.jpg","width":1920,"height":1272,"caption":"Men balanced on seesaw over a single man"},{"@type":"BreadcrumbList","@id":"https:\/\/www.libinst.ch\/fr\/pistes-de-reflexion\/charles-monnard-lethique-de-la-responsabilite\/#breadcrumb","itemListElement":[{"@type":"ListItem","position":1,"name":"Home","item":"https:\/\/www.libinst.ch\/"},{"@type":"ListItem","position":2,"name":"Charles Monnard: l&#8217;\u00e9thique de la responsabilit\u00e9"}]},{"@type":"WebSite","@id":"\/#website","url":"\/","name":"Institut Lib\u00e9ral","description":"","publisher":{"@id":"\/#organization"},"potentialAction":[{"@type":"SearchAction","target":{"@type":"EntryPoint","urlTemplate":"\/?s={search_term_string}"},"query-input":{"@type":"PropertyValueSpecification","valueRequired":true,"valueName":"search_term_string"}}],"inLanguage":"fr-FR"},{"@type":"Organization","@id":"\/#organization","name":"Institut Lib\u00e9ral","url":"\/","logo":{"@type":"ImageObject","inLanguage":"fr-FR","@id":"\/#\/schema\/logo\/image\/","url":"https:\/\/www.libinst.ch\/wp-content\/uploads\/2023\/08\/logo-institut-liberal.png","contentUrl":"https:\/\/www.libinst.ch\/wp-content\/uploads\/2023\/08\/logo-institut-liberal.png","width":2935,"height":458,"caption":"Institut Lib\u00e9ral"},"image":{"@id":"\/#\/schema\/logo\/image\/"}}]}},"_links":{"self":[{"href":"https:\/\/www.libinst.ch\/fr\/wp-json\/wp\/v2\/denkanstoesse\/12156","targetHints":{"allow":["GET"]}}],"collection":[{"href":"https:\/\/www.libinst.ch\/fr\/wp-json\/wp\/v2\/denkanstoesse"}],"about":[{"href":"https:\/\/www.libinst.ch\/fr\/wp-json\/wp\/v2\/types\/denkanstoesse"}],"wp:featuredmedia":[{"embeddable":true,"href":"https:\/\/www.libinst.ch\/fr\/wp-json\/wp\/v2\/media\/10425"}],"wp:attachment":[{"href":"https:\/\/www.libinst.ch\/fr\/wp-json\/wp\/v2\/media?parent=12156"}],"wp:term":[{"taxonomy":"tags","embeddable":true,"href":"https:\/\/www.libinst.ch\/fr\/wp-json\/wp\/v2\/tag?post=12156"}],"curies":[{"name":"wp","href":"https:\/\/api.w.org\/{rel}","templated":true}]}}

Charles Monnard: l&rsquo;éthique de la responsabilité

<!-- This site is optimized with the Yoast SEO plugin v27.3 - https://yoast.com/product/yoast-seo-wordpress/ -->
<title>Charles Monnard: l&#039;éthique de la responsabilité - Institut Libéral</title>
<meta name="robots" content="index, follow, max-snippet:-1, max-image-preview:large, max-video-preview:-1" />
<link rel="canonical" href="https://www.libinst.ch/fr/pistes-de-reflexion/charles-monnard-lethique-de-la-responsabilite/" />
<meta property="og:locale" content="fr_FR" />
<meta property="og:type" content="article" />
<meta property="og:title" content="Charles Monnard: l&#039;éthique de la responsabilité - Institut Libéral" />
<meta property="og:url" content="https://www.libinst.ch/fr/pistes-de-reflexion/charles-monnard-lethique-de-la-responsabilite/" />
<meta property="og:site_name" content="Institut Libéral" />
<meta property="og:image" content="https://www.libinst.ch/wp-content/uploads/2023/05/responsabilite-livre.jpg" />
	<meta property="og:image:width" content="1920" />
	<meta property="og:image:height" content="1272" />
	<meta property="og:image:type" content="image/jpeg" />
<meta name="twitter:card" content="summary_large_image" />
<script type="application/ld+json" class="yoast-schema-graph">{"@context":"https:\/\/schema.org","@graph":[{"@type":"WebPage","@id":"https:\/\/www.libinst.ch\/fr\/pistes-de-reflexion\/charles-monnard-lethique-de-la-responsabilite\/","url":"https:\/\/www.libinst.ch\/fr\/pistes-de-reflexion\/charles-monnard-lethique-de-la-responsabilite\/","name":"Charles Monnard: l'éthique de la responsabilité - Institut Libéral","isPartOf":{"@id":"\/#website"},"primaryImageOfPage":{"@id":"https:\/\/www.libinst.ch\/fr\/pistes-de-reflexion\/charles-monnard-lethique-de-la-responsabilite\/#primaryimage"},"image":{"@id":"https:\/\/www.libinst.ch\/fr\/pistes-de-reflexion\/charles-monnard-lethique-de-la-responsabilite\/#primaryimage"},"thumbnailUrl":"https:\/\/www.libinst.ch\/wp-content\/uploads\/2023\/05\/responsabilite-livre.jpg","datePublished":"2014-10-13T22:00:00+00:00","breadcrumb":{"@id":"https:\/\/www.libinst.ch\/fr\/pistes-de-reflexion\/charles-monnard-lethique-de-la-responsabilite\/#breadcrumb"},"inLanguage":"fr-FR","potentialAction":[{"@type":"ReadAction","target":["https:\/\/www.libinst.ch\/fr\/pistes-de-reflexion\/charles-monnard-lethique-de-la-responsabilite\/"]}]},{"@type":"ImageObject","inLanguage":"fr-FR","@id":"https:\/\/www.libinst.ch\/fr\/pistes-de-reflexion\/charles-monnard-lethique-de-la-responsabilite\/#primaryimage","url":"https:\/\/www.libinst.ch\/wp-content\/uploads\/2023\/05\/responsabilite-livre.jpg","contentUrl":"https:\/\/www.libinst.ch\/wp-content\/uploads\/2023\/05\/responsabilite-livre.jpg","width":1920,"height":1272,"caption":"Men balanced on seesaw over a single man"},{"@type":"BreadcrumbList","@id":"https:\/\/www.libinst.ch\/fr\/pistes-de-reflexion\/charles-monnard-lethique-de-la-responsabilite\/#breadcrumb","itemListElement":[{"@type":"ListItem","position":1,"name":"Home","item":"https:\/\/www.libinst.ch\/"},{"@type":"ListItem","position":2,"name":"Charles Monnard: l&#8217;éthique de la responsabilité"}]},{"@type":"WebSite","@id":"\/#website","url":"\/","name":"Institut Libéral","description":"","publisher":{"@id":"\/#organization"},"potentialAction":[{"@type":"SearchAction","target":{"@type":"EntryPoint","urlTemplate":"\/?s={search_term_string}"},"query-input":{"@type":"PropertyValueSpecification","valueRequired":true,"valueName":"search_term_string"}}],"inLanguage":"fr-FR"},{"@type":"Organization","@id":"\/#organization","name":"Institut Libéral","url":"\/","logo":{"@type":"ImageObject","inLanguage":"fr-FR","@id":"\/#\/schema\/logo\/image\/","url":"https:\/\/www.libinst.ch\/wp-content\/uploads\/2023\/08\/logo-institut-liberal.png","contentUrl":"https:\/\/www.libinst.ch\/wp-content\/uploads\/2023\/08\/logo-institut-liberal.png","width":2935,"height":458,"caption":"Institut Libéral"},"image":{"@id":"\/#\/schema\/logo\/image\/"}}]}</script>
<!-- / Yoast SEO plugin. -->

Charles Monnard: l'éthique de la responsabilité - Institut Libéral

Institut Libéral

Charles Monnard: l&#8217;éthique de la responsabilité
