{"id":31909,"date":"2025-10-12T11:36:03","date_gmt":"2025-10-12T09:36:03","guid":{"rendered":"https:\/\/www.libinst.ch\/?post_type=product&#038;p=31909"},"modified":"2026-03-25T11:34:31","modified_gmt":"2026-03-25T10:34:31","slug":"ere-milei-bagus","status":"publish","type":"product","link":"https:\/\/www.libinst.ch\/fr\/product\/ere-milei-bagus\/","title":{"rendered":"L&rsquo;\u00e8re Milei"},"content":{"rendered":"<p>Le pr\u00e9sident argentin Javier Milei est le tout premier chef d\u2019\u00c9tat libertarien au monde. Anarcho-capitaliste revendiqu\u00e9, ce nouveau venu sur la sc\u00e8ne politique ne se contente pas de critiquer l\u2019\u00c9tat : son objectif est d\u2019en r\u00e9duire l\u2019existence au strict minimum pour rendre son pays \u00e0 nouveau libre et prosp\u00e8re. Par son style charismatique, souvent excentrique, il a r\u00e9ussi \u00e0 cr\u00e9er une v\u00e9ritable sensation et \u00e0 imposer ses id\u00e9es dans la bataille culturelle, l\u00e0 o\u00f9 bien d&rsquo;autres avaient \u00e9chou\u00e9.<\/p>\n<p>Mais comment un tel homme a-t-il pu acc\u00e9der \u00e0 la pr\u00e9sidence ? Qui est Javier Milei, quelles sont ses convictions, et quels r\u00e9sultats a-t-il obtenus jusqu\u2019\u00e0 pr\u00e9sent ?<\/p>\n<p>Dans cet essai, l\u2019\u00e9conomiste renomm\u00e9 Philipp Bagus explore ces questions en profondeur et retrace les coulisses d\u2019un des parcours politiques les plus \u00e9tonnants de notre \u00e9poque.<\/p>\n","protected":false},"excerpt":{"rendered":"<p>Le pr\u00e9sident argentin Javier Milei est le tout premier chef d\u2019\u00c9tat libertarien au monde. Anarcho-capitaliste revendiqu\u00e9, ce nouveau venu sur la sc\u00e8ne politique ne se contente pas de critiquer l\u2019\u00c9tat : son objectif est d\u2019en r\u00e9duire l\u2019existence au strict minimum pour rendre son pays \u00e0 nouveau libre et prosp\u00e8re. Par son style charismatique, souvent excentrique, [&hellip;]<\/p>\n","protected":false},"featured_media":31928,"template":"","meta":{"_acf_changed":false},"tag":[1329,1725],"product_brand":[],"product_cat":[1557],"product_tag":[],"class_list":{"0":"post-31909","1":"product","2":"type-product","3":"status-publish","4":"has-post-thumbnail","6":"tags-institut-liberal","7":"tags-javier-milei-3","8":"product_cat-livres","9":"product_shipping_class-livraison-de-livres-en-france","11":"first","12":"instock","13":"shipping-taxable","14":"product-type-variable"},"acf":[],"yoast_head":"<!-- This site is optimized with the Yoast SEO plugin v27.3 - https:\/\/yoast.com\/product\/yoast-seo-wordpress\/ -->\n<title>L&#039;\u00e8re Milei - Institut Lib\u00e9ral<\/title>\n<meta name=\"robots\" content=\"index, follow, max-snippet:-1, max-image-preview:large, max-video-preview:-1\" \/>\n<link rel=\"canonical\" href=\"https:\/\/www.libinst.ch\/fr\/product\/ere-milei-bagus\/\" \/>\n<meta property=\"og:locale\" content=\"fr_FR\" \/>\n<meta property=\"og:type\" content=\"article\" \/>\n<meta property=\"og:title\" content=\"L&#039;\u00e8re Milei - Institut Lib\u00e9ral\" \/>\n<meta property=\"og:description\" content=\"Le pr\u00e9sident argentin Javier Milei est le tout premier chef d\u2019\u00c9tat libertarien au monde. Anarcho-capitaliste revendiqu\u00e9, ce nouveau venu sur la sc\u00e8ne politique ne se contente pas de critiquer l\u2019\u00c9tat : son objectif est d\u2019en r\u00e9duire l\u2019existence au strict minimum pour rendre son pays \u00e0 nouveau libre et prosp\u00e8re. Par son style charismatique, souvent excentrique, [&hellip;]\" \/>\n<meta property=\"og:url\" content=\"https:\/\/www.libinst.ch\/fr\/product\/ere-milei-bagus\/\" \/>\n<meta property=\"og:site_name\" content=\"Institut Lib\u00e9ral\" \/>\n<meta property=\"article:modified_time\" content=\"2026-03-25T10:34:31+00:00\" \/>\n<meta property=\"og:image\" content=\"https:\/\/www.libinst.ch\/wp-content\/uploads\/2025\/10\/Philipp_Socials10-2-scaled.jpeg\" \/>\n\t<meta property=\"og:image:width\" content=\"2560\" \/>\n\t<meta property=\"og:image:height\" content=\"2560\" \/>\n\t<meta property=\"og:image:type\" content=\"image\/jpeg\" \/>\n<meta name=\"twitter:card\" content=\"summary_large_image\" \/>\n<meta name=\"twitter:label1\" content=\"Dur\u00e9e de lecture estim\u00e9e\" \/>\n\t<meta name=\"twitter:data1\" content=\"1 minute\" \/>\n<script type=\"application\/ld+json\" class=\"yoast-schema-graph\">{\"@context\":\"https:\\\/\\\/schema.org\",\"@graph\":[{\"@type\":\"WebPage\",\"@id\":\"https:\\\/\\\/www.libinst.ch\\\/fr\\\/product\\\/ere-milei-bagus\\\/\",\"url\":\"https:\\\/\\\/www.libinst.ch\\\/fr\\\/product\\\/ere-milei-bagus\\\/\",\"name\":\"L'\u00e8re Milei - Institut Lib\u00e9ral\",\"isPartOf\":{\"@id\":\"\\\/#website\"},\"primaryImageOfPage\":{\"@id\":\"https:\\\/\\\/www.libinst.ch\\\/fr\\\/product\\\/ere-milei-bagus\\\/#primaryimage\"},\"image\":{\"@id\":\"https:\\\/\\\/www.libinst.ch\\\/fr\\\/product\\\/ere-milei-bagus\\\/#primaryimage\"},\"thumbnailUrl\":\"https:\\\/\\\/www.libinst.ch\\\/wp-content\\\/uploads\\\/2025\\\/10\\\/Philipp_Socials10-2-scaled.jpeg\",\"datePublished\":\"2025-10-12T09:36:03+00:00\",\"dateModified\":\"2026-03-25T10:34:31+00:00\",\"breadcrumb\":{\"@id\":\"https:\\\/\\\/www.libinst.ch\\\/fr\\\/product\\\/ere-milei-bagus\\\/#breadcrumb\"},\"inLanguage\":\"fr-FR\",\"potentialAction\":[{\"@type\":\"ReadAction\",\"target\":[\"https:\\\/\\\/www.libinst.ch\\\/fr\\\/product\\\/ere-milei-bagus\\\/\"]}]},{\"@type\":\"ImageObject\",\"inLanguage\":\"fr-FR\",\"@id\":\"https:\\\/\\\/www.libinst.ch\\\/fr\\\/product\\\/ere-milei-bagus\\\/#primaryimage\",\"url\":\"https:\\\/\\\/www.libinst.ch\\\/wp-content\\\/uploads\\\/2025\\\/10\\\/Philipp_Socials10-2-scaled.jpeg\",\"contentUrl\":\"https:\\\/\\\/www.libinst.ch\\\/wp-content\\\/uploads\\\/2025\\\/10\\\/Philipp_Socials10-2-scaled.jpeg\",\"width\":2560,\"height\":2560},{\"@type\":\"BreadcrumbList\",\"@id\":\"https:\\\/\\\/www.libinst.ch\\\/fr\\\/product\\\/ere-milei-bagus\\\/#breadcrumb\",\"itemListElement\":[{\"@type\":\"ListItem\",\"position\":1,\"name\":\"Home\",\"item\":\"https:\\\/\\\/www.libinst.ch\\\/\"},{\"@type\":\"ListItem\",\"position\":2,\"name\":\"L&#8217;\u00e8re Milei\"}]},{\"@type\":\"WebSite\",\"@id\":\"\\\/#website\",\"url\":\"\\\/\",\"name\":\"Institut Lib\u00e9ral\",\"description\":\"\",\"publisher\":{\"@id\":\"\\\/#organization\"},\"potentialAction\":[{\"@type\":\"SearchAction\",\"target\":{\"@type\":\"EntryPoint\",\"urlTemplate\":\"\\\/?s={search_term_string}\"},\"query-input\":{\"@type\":\"PropertyValueSpecification\",\"valueRequired\":true,\"valueName\":\"search_term_string\"}}],\"inLanguage\":\"fr-FR\"},{\"@type\":\"Organization\",\"@id\":\"\\\/#organization\",\"name\":\"Institut Lib\u00e9ral\",\"url\":\"\\\/\",\"logo\":{\"@type\":\"ImageObject\",\"inLanguage\":\"fr-FR\",\"@id\":\"\\\/#\\\/schema\\\/logo\\\/image\\\/\",\"url\":\"https:\\\/\\\/www.libinst.ch\\\/wp-content\\\/uploads\\\/2023\\\/08\\\/logo-institut-liberal.png\",\"contentUrl\":\"https:\\\/\\\/www.libinst.ch\\\/wp-content\\\/uploads\\\/2023\\\/08\\\/logo-institut-liberal.png\",\"width\":2935,\"height\":458,\"caption\":\"Institut Lib\u00e9ral\"},\"image\":{\"@id\":\"\\\/#\\\/schema\\\/logo\\\/image\\\/\"}}]}<\/script>\n<!-- \/ Yoast SEO plugin. -->","yoast_head_json":{"title":"L'\u00e8re Milei - Institut Lib\u00e9ral","robots":{"index":"index","follow":"follow","max-snippet":"max-snippet:-1","max-image-preview":"max-image-preview:large","max-video-preview":"max-video-preview:-1"},"canonical":"https:\/\/www.libinst.ch\/fr\/product\/ere-milei-bagus\/","og_locale":"fr_FR","og_type":"article","og_title":"L'\u00e8re Milei - Institut Lib\u00e9ral","og_description":"Le pr\u00e9sident argentin Javier Milei est le tout premier chef d\u2019\u00c9tat libertarien au monde. Anarcho-capitaliste revendiqu\u00e9, ce nouveau venu sur la sc\u00e8ne politique ne se contente pas de critiquer l\u2019\u00c9tat : son objectif est d\u2019en r\u00e9duire l\u2019existence au strict minimum pour rendre son pays \u00e0 nouveau libre et prosp\u00e8re. Par son style charismatique, souvent excentrique, [&hellip;]","og_url":"https:\/\/www.libinst.ch\/fr\/product\/ere-milei-bagus\/","og_site_name":"Institut Lib\u00e9ral","article_modified_time":"2026-03-25T10:34:31+00:00","og_image":[{"width":2560,"height":2560,"url":"https:\/\/www.libinst.ch\/wp-content\/uploads\/2025\/10\/Philipp_Socials10-2-scaled.jpeg","type":"image\/jpeg"}],"twitter_card":"summary_large_image","twitter_misc":{"Dur\u00e9e de lecture estim\u00e9e":"1 minute"},"schema":{"@context":"https:\/\/schema.org","@graph":[{"@type":"WebPage","@id":"https:\/\/www.libinst.ch\/fr\/product\/ere-milei-bagus\/","url":"https:\/\/www.libinst.ch\/fr\/product\/ere-milei-bagus\/","name":"L'\u00e8re Milei - Institut Lib\u00e9ral","isPartOf":{"@id":"\/#website"},"primaryImageOfPage":{"@id":"https:\/\/www.libinst.ch\/fr\/product\/ere-milei-bagus\/#primaryimage"},"image":{"@id":"https:\/\/www.libinst.ch\/fr\/product\/ere-milei-bagus\/#primaryimage"},"thumbnailUrl":"https:\/\/www.libinst.ch\/wp-content\/uploads\/2025\/10\/Philipp_Socials10-2-scaled.jpeg","datePublished":"2025-10-12T09:36:03+00:00","dateModified":"2026-03-25T10:34:31+00:00","breadcrumb":{"@id":"https:\/\/www.libinst.ch\/fr\/product\/ere-milei-bagus\/#breadcrumb"},"inLanguage":"fr-FR","potentialAction":[{"@type":"ReadAction","target":["https:\/\/www.libinst.ch\/fr\/product\/ere-milei-bagus\/"]}]},{"@type":"ImageObject","inLanguage":"fr-FR","@id":"https:\/\/www.libinst.ch\/fr\/product\/ere-milei-bagus\/#primaryimage","url":"https:\/\/www.libinst.ch\/wp-content\/uploads\/2025\/10\/Philipp_Socials10-2-scaled.jpeg","contentUrl":"https:\/\/www.libinst.ch\/wp-content\/uploads\/2025\/10\/Philipp_Socials10-2-scaled.jpeg","width":2560,"height":2560},{"@type":"BreadcrumbList","@id":"https:\/\/www.libinst.ch\/fr\/product\/ere-milei-bagus\/#breadcrumb","itemListElement":[{"@type":"ListItem","position":1,"name":"Home","item":"https:\/\/www.libinst.ch\/"},{"@type":"ListItem","position":2,"name":"L&#8217;\u00e8re Milei"}]},{"@type":"WebSite","@id":"\/#website","url":"\/","name":"Institut Lib\u00e9ral","description":"","publisher":{"@id":"\/#organization"},"potentialAction":[{"@type":"SearchAction","target":{"@type":"EntryPoint","urlTemplate":"\/?s={search_term_string}"},"query-input":{"@type":"PropertyValueSpecification","valueRequired":true,"valueName":"search_term_string"}}],"inLanguage":"fr-FR"},{"@type":"Organization","@id":"\/#organization","name":"Institut Lib\u00e9ral","url":"\/","logo":{"@type":"ImageObject","inLanguage":"fr-FR","@id":"\/#\/schema\/logo\/image\/","url":"https:\/\/www.libinst.ch\/wp-content\/uploads\/2023\/08\/logo-institut-liberal.png","contentUrl":"https:\/\/www.libinst.ch\/wp-content\/uploads\/2023\/08\/logo-institut-liberal.png","width":2935,"height":458,"caption":"Institut Lib\u00e9ral"},"image":{"@id":"\/#\/schema\/logo\/image\/"}}]}},"_links":{"self":[{"href":"https:\/\/www.libinst.ch\/fr\/wp-json\/wp\/v2\/product\/31909","targetHints":{"allow":["GET"]}}],"collection":[{"href":"https:\/\/www.libinst.ch\/fr\/wp-json\/wp\/v2\/product"}],"about":[{"href":"https:\/\/www.libinst.ch\/fr\/wp-json\/wp\/v2\/types\/product"}],"wp:featuredmedia":[{"embeddable":true,"href":"https:\/\/www.libinst.ch\/fr\/wp-json\/wp\/v2\/media\/31928"}],"wp:attachment":[{"href":"https:\/\/www.libinst.ch\/fr\/wp-json\/wp\/v2\/media?parent=31909"}],"wp:term":[{"taxonomy":"tags","embeddable":true,"href":"https:\/\/www.libinst.ch\/fr\/wp-json\/wp\/v2\/tag?post=31909"},{"taxonomy":"product_brand","embeddable":true,"href":"https:\/\/www.libinst.ch\/fr\/wp-json\/wp\/v2\/product_brand?post=31909"},{"taxonomy":"product_cat","embeddable":true,"href":"https:\/\/www.libinst.ch\/fr\/wp-json\/wp\/v2\/product_cat?post=31909"},{"taxonomy":"product_tag","embeddable":true,"href":"https:\/\/www.libinst.ch\/fr\/wp-json\/wp\/v2\/product_tag?post=31909"}],"curies":[{"name":"wp","href":"https:\/\/api.w.org\/{rel}","templated":true}]}}

L&rsquo;ère Milei

<p>Le président argentin Javier Milei est le tout premier chef d’État libertarien au monde. Anarcho-capitaliste revendiqué, ce nouveau venu sur la scène politique ne se contente pas de critiquer l’État : son objectif est d’en réduire l’existence au strict minimum pour rendre son pays à nouveau libre et prospère. Par son style charismatique, souvent excentrique, il a réussi à créer une véritable sensation et à imposer ses idées dans la bataille culturelle, là où bien d&rsquo;autres avaient échoué.</p>
<p>Mais comment un tel homme a-t-il pu accéder à la présidence ? Qui est Javier Milei, quelles sont ses convictions, et quels résultats a-t-il obtenus jusqu’à présent ?</p>
<p>Dans cet essai, l’économiste renommé Philipp Bagus explore ces questions en profondeur et retrace les coulisses d’un des parcours politiques les plus étonnants de notre époque.</p>

<p>Le président argentin Javier Milei est le tout premier chef d’État libertarien au monde. Anarcho-capitaliste revendiqué, ce nouveau venu sur la scène politique ne se contente pas de critiquer l’État : son objectif est d’en réduire l’existence au strict minimum pour rendre son pays à nouveau libre et prospère. Par son style charismatique, souvent excentrique, [&hellip;]</p>

<!-- This site is optimized with the Yoast SEO plugin v27.3 - https://yoast.com/product/yoast-seo-wordpress/ -->
<title>L&#039;ère Milei - Institut Libéral</title>
<meta name="robots" content="index, follow, max-snippet:-1, max-image-preview:large, max-video-preview:-1" />
<link rel="canonical" href="https://www.libinst.ch/fr/product/ere-milei-bagus/" />
<meta property="og:locale" content="fr_FR" />
<meta property="og:type" content="article" />
<meta property="og:title" content="L&#039;ère Milei - Institut Libéral" />
<meta property="og:description" content="Le président argentin Javier Milei est le tout premier chef d’État libertarien au monde. Anarcho-capitaliste revendiqué, ce nouveau venu sur la scène politique ne se contente pas de critiquer l’État : son objectif est d’en réduire l’existence au strict minimum pour rendre son pays à nouveau libre et prospère. Par son style charismatique, souvent excentrique, [&hellip;]" />
<meta property="og:url" content="https://www.libinst.ch/fr/product/ere-milei-bagus/" />
<meta property="og:site_name" content="Institut Libéral" />
<meta property="article:modified_time" content="2026-03-25T10:34:31+00:00" />
<meta property="og:image" content="https://www.libinst.ch/wp-content/uploads/2025/10/Philipp_Socials10-2-scaled.jpeg" />
	<meta property="og:image:width" content="2560" />
	<meta property="og:image:height" content="2560" />
	<meta property="og:image:type" content="image/jpeg" />
<meta name="twitter:card" content="summary_large_image" />
<meta name="twitter:label1" content="Durée de lecture estimée" />
	<meta name="twitter:data1" content="1 minute" />
<script type="application/ld+json" class="yoast-schema-graph">{"@context":"https:\/\/schema.org","@graph":[{"@type":"WebPage","@id":"https:\/\/www.libinst.ch\/fr\/product\/ere-milei-bagus\/","url":"https:\/\/www.libinst.ch\/fr\/product\/ere-milei-bagus\/","name":"L'ère Milei - Institut Libéral","isPartOf":{"@id":"\/#website"},"primaryImageOfPage":{"@id":"https:\/\/www.libinst.ch\/fr\/product\/ere-milei-bagus\/#primaryimage"},"image":{"@id":"https:\/\/www.libinst.ch\/fr\/product\/ere-milei-bagus\/#primaryimage"},"thumbnailUrl":"https:\/\/www.libinst.ch\/wp-content\/uploads\/2025\/10\/Philipp_Socials10-2-scaled.jpeg","datePublished":"2025-10-12T09:36:03+00:00","dateModified":"2026-03-25T10:34:31+00:00","breadcrumb":{"@id":"https:\/\/www.libinst.ch\/fr\/product\/ere-milei-bagus\/#breadcrumb"},"inLanguage":"fr-FR","potentialAction":[{"@type":"ReadAction","target":["https:\/\/www.libinst.ch\/fr\/product\/ere-milei-bagus\/"]}]},{"@type":"ImageObject","inLanguage":"fr-FR","@id":"https:\/\/www.libinst.ch\/fr\/product\/ere-milei-bagus\/#primaryimage","url":"https:\/\/www.libinst.ch\/wp-content\/uploads\/2025\/10\/Philipp_Socials10-2-scaled.jpeg","contentUrl":"https:\/\/www.libinst.ch\/wp-content\/uploads\/2025\/10\/Philipp_Socials10-2-scaled.jpeg","width":2560,"height":2560},{"@type":"BreadcrumbList","@id":"https:\/\/www.libinst.ch\/fr\/product\/ere-milei-bagus\/#breadcrumb","itemListElement":[{"@type":"ListItem","position":1,"name":"Home","item":"https:\/\/www.libinst.ch\/"},{"@type":"ListItem","position":2,"name":"L&#8217;ère Milei"}]},{"@type":"WebSite","@id":"\/#website","url":"\/","name":"Institut Libéral","description":"","publisher":{"@id":"\/#organization"},"potentialAction":[{"@type":"SearchAction","target":{"@type":"EntryPoint","urlTemplate":"\/?s={search_term_string}"},"query-input":{"@type":"PropertyValueSpecification","valueRequired":true,"valueName":"search_term_string"}}],"inLanguage":"fr-FR"},{"@type":"Organization","@id":"\/#organization","name":"Institut Libéral","url":"\/","logo":{"@type":"ImageObject","inLanguage":"fr-FR","@id":"\/#\/schema\/logo\/image\/","url":"https:\/\/www.libinst.ch\/wp-content\/uploads\/2023\/08\/logo-institut-liberal.png","contentUrl":"https:\/\/www.libinst.ch\/wp-content\/uploads\/2023\/08\/logo-institut-liberal.png","width":2935,"height":458,"caption":"Institut Libéral"},"image":{"@id":"\/#\/schema\/logo\/image\/"}}]}</script>
<!-- / Yoast SEO plugin. -->

L'ère Milei - Institut Libéral

Le président argentin Javier Milei est le tout premier chef d’État libertarien au monde. Anarcho-capitaliste revendiqué, ce nouveau venu sur la scène politique ne se contente pas de critiquer l’État : son objectif est d’en réduire l’existence au strict minimum pour rendre son pays à nouveau libre et prospère. Par son style charismatique, souvent excentrique, [&hellip;]

Institut Libéral

L&#8217;ère Milei
