{"version":"1.0","provider_name":"Istituto Liberale","provider_url":"https:\/\/www.libinst.ch\/it\/","author_name":"Olivier Kessler","author_url":"https:\/\/www.libinst.ch\/it\/author\/olivier-kessler\/","title":"Celebrazione della libert\u00e0 2025 con Javier Milei - Istituto Liberale","type":"rich","width":600,"height":338,"html":"<blockquote class=\"wp-embedded-content\" data-secret=\"9D5N00hHjx\"><a href=\"https:\/\/www.libinst.ch\/it\/eventi\/celebrazione-della-liberta-2025-con-javier-milei\/\">Celebrazione della libert\u00e0 2025 con Javier Milei<\/a><\/blockquote><iframe sandbox=\"allow-scripts\" security=\"restricted\" src=\"https:\/\/www.libinst.ch\/it\/eventi\/celebrazione-della-liberta-2025-con-javier-milei\/embed\/#?secret=9D5N00hHjx\" width=\"600\" height=\"338\" title=\"&#8220;Celebrazione della libert\u00e0 2025 con Javier Milei&#8221; &#8212; Istituto Liberale\" data-secret=\"9D5N00hHjx\" frameborder=\"0\" marginwidth=\"0\" marginheight=\"0\" scrolling=\"no\" class=\"wp-embedded-content\"><\/iframe><script>\n\/*! This file is auto-generated *\/\n!function(d,l){\"use strict\";l.querySelector&&d.addEventListener&&\"undefined\"!=typeof URL&&(d.wp=d.wp||{},d.wp.receiveEmbedMessage||(d.wp.receiveEmbedMessage=function(e){var t=e.data;if((t||t.secret||t.message||t.value)&&!\/[^a-zA-Z0-9]\/.test(t.secret)){for(var s,r,n,a=l.querySelectorAll('iframe[data-secret=\"'+t.secret+'\"]'),o=l.querySelectorAll('blockquote[data-secret=\"'+t.secret+'\"]'),c=new RegExp(\"^https?:$\",\"i\"),i=0;i<o.length;i++)o[i].style.display=\"none\";for(i=0;i<a.length;i++)s=a[i],e.source===s.contentWindow&&(s.removeAttribute(\"style\"),\"height\"===t.message?(1e3<(r=parseInt(t.value,10))?r=1e3:~~r<200&&(r=200),s.height=r):\"link\"===t.message&&(r=new URL(s.getAttribute(\"src\")),n=new URL(t.value),c.test(n.protocol))&&n.host===r.host&&l.activeElement===s&&(d.top.location.href=t.value))}},d.addEventListener(\"message\",d.wp.receiveEmbedMessage,!1),l.addEventListener(\"DOMContentLoaded\",function(){for(var e,t,s=l.querySelectorAll(\"iframe.wp-embedded-content\"),r=0;r<s.length;r++)(t=(e=s[r]).getAttribute(\"data-secret\"))||(t=Math.random().toString(36).substring(2,12),e.src+=\"#?secret=\"+t,e.setAttribute(\"data-secret\",t)),e.contentWindow.postMessage({message:\"ready\",secret:t},\"*\")},!1)))}(window,document);\n\/\/# sourceURL=https:\/\/www.libinst.ch\/wp-includes\/js\/wp-embed.min.js\n<\/script>\n","thumbnail_url":"https:\/\/www.libinst.ch\/wp-content\/uploads\/2024\/12\/Milei-Event-Januar-1024x577.png","thumbnail_width":1024,"thumbnail_height":577,"description":"Il 24 gennaio 2025, in occasione della tradizionale festa della libert\u00e0, l&#8217;Istituto Liberale conferir\u00e0 il Premio R\u00f6pke per la societ\u00e0 civile 2025 al Presidente argentino Javier Milei per il suo ruolo di pioniere internazionale nella lotta contro lo Stato tentacolare. Probabilmente nessun altro politico al mondo sta portando avanti le riforme liberali con tale coerenza [&hellip;]"}

Celebrazione della libertà 2025 con Javier Milei - Istituto Liberale

<blockquote class="wp-embedded-content" data-secret="9D5N00hHjx"><a href="https://www.libinst.ch/it/eventi/celebrazione-della-liberta-2025-con-javier-milei/">Celebrazione della libertà 2025 con Javier Milei</a></blockquote><iframe sandbox="allow-scripts" security="restricted" src="https://www.libinst.ch/it/eventi/celebrazione-della-liberta-2025-con-javier-milei/embed/#?secret=9D5N00hHjx" width="600" height="338" title="&#8220;Celebrazione della libertà 2025 con Javier Milei&#8221; &#8212; Istituto Liberale" data-secret="9D5N00hHjx" frameborder="0" marginwidth="0" marginheight="0" scrolling="no" class="wp-embedded-content"></iframe><script>
/*! This file is auto-generated */
!function(d,l){"use strict";l.querySelector&&d.addEventListener&&"undefined"!=typeof URL&&(d.wp=d.wp||{},d.wp.receiveEmbedMessage||(d.wp.receiveEmbedMessage=function(e){var t=e.data;if((t||t.secret||t.message||t.value)&&!/[^a-zA-Z0-9]/.test(t.secret)){for(var s,r,n,a=l.querySelectorAll('iframe[data-secret="'+t.secret+'"]'),o=l.querySelectorAll('blockquote[data-secret="'+t.secret+'"]'),c=new RegExp("^https?:$","i"),i=0;i<o.length;i++)o[i].style.display="none";for(i=0;i<a.length;i++)s=a[i],e.source===s.contentWindow&&(s.removeAttribute("style"),"height"===t.message?(1e3<(r=parseInt(t.value,10))?r=1e3:~~r<200&&(r=200),s.height=r):"link"===t.message&&(r=new URL(s.getAttribute("src")),n=new URL(t.value),c.test(n.protocol))&&n.host===r.host&&l.activeElement===s&&(d.top.location.href=t.value))}},d.addEventListener("message",d.wp.receiveEmbedMessage,!1),l.addEventListener("DOMContentLoaded",function(){for(var e,t,s=l.querySelectorAll("iframe.wp-embedded-content"),r=0;r<s.length;r++)(t=(e=s[r]).getAttribute("data-secret"))||(t=Math.random().toString(36).substring(2,12),e.src+="#?secret="+t,e.setAttribute("data-secret",t)),e.contentWindow.postMessage({message:"ready",secret:t},"*")},!1)))}(window,document);
//# sourceURL=https://www.libinst.ch/wp-includes/js/wp-embed.min.js
</script>

Il 24 gennaio 2025, in occasione della tradizionale festa della libertà, l&#8217;Istituto Liberale conferirà il Premio Röpke per la società civile 2025 al Presidente argentino Javier Milei per il suo ruolo di pioniere internazionale nella lotta contro lo Stato tentacolare. Probabilmente nessun altro politico al mondo sta portando avanti le riforme liberali con tale coerenza [&hellip;]
