{"id":12258,"date":"2020-03-13T00:00:00","date_gmt":"2020-03-12T23:00:00","guid":{"rendered":"https:\/\/libinst.detail-digital.ch\/denkanstoesse\/la-relazione-complicata-tra-gli-intellettuali-e-il-denaro\/"},"modified":"2020-03-13T00:00:00","modified_gmt":"2020-03-12T23:00:00","slug":"la-relazione-complicata-tra-gli-intellettuali-e-il-denaro","status":"publish","type":"denkanstoesse","link":"https:\/\/www.libinst.ch\/it\/spunti-di-riflessione\/la-relazione-complicata-tra-gli-intellettuali-e-il-denaro\/","title":{"rendered":"La relazione complicata tra gli intellettuali e il denaro"},"content":{"rendered":"<p class=\"first\"><span class=\"first-letter\">N<\/span>el corso degli ultimi 150 anni, in molti hanno dichiarato il loro sdegno nei confronti dell&#8217;economia di mercato e dei capitalisti: sono stati scritti romanzi, opere teatrali e pamphlet per denunciare i supposti misfatti del sistema economico in cui vivono i loro stessi autori. L&#8217;antipatia e il disprezzo per la \u201cborghesia\u201d, per il ceto medio, per l&#8217;industria e il commercio sono stati temi centrali per i pi\u00f9 rinomati scrittori e artisti occidentali.<\/p>\n<p>Questi sentimenti sono stati espressi da personalit\u00e0 diversissime, da Gustave Flaubert a Karl Marx, da T. S. Eliot a Pablo Picasso. E si potrebbe continuare ad aggiungere centinaia di voci celebri a questa lista, da Matthew Arnold a \u00c9mile Zola. Chi ha espresso il proprio rigetto nei confronti dell&#8217;economia di mercato ha preso parte ai movimenti pi\u00f9 disparati, dal nazionalismo all&#8217;antisemitismo, al socialismo, al fascismo, al comunismo, alle terze vie. L&#8217;anticapitalismo continua ad assumere forme sempre nuove anche oggi, tra cui il terzomondismo, il movimento dei verdi, il comunitarismo e i fautori della decrescita felice. Non mancano gli Steve Bannon di questo mondo. L&#8217;intellighenzia in auge ha domato a queste collettanee la forza, la legittimit\u00e0 e la leadership che altrimenti non avrebbero avuto. Questo spregio del capitalismo s&#8217;\u00e8 fatto filo conduttore dai radicali del XIX secolo, ai simpatizzanti comunisti e fascisti del XX secolo, fino agli attivisti no-global del XXI secolo, tra le altre iniziative. Pi\u00f9 qualcuno rivendica lo status di intellettuale, pi\u00f9 aumenta la probabilit\u00e0 che si opponga al corrente sistema economico.<\/p>\n<p>Perch\u00e9 cos\u00ec tanti intellettuali provano astio verso l&#8217;economia di mercato? Che cosa pu\u00f2 rispondergli? Per molti di loro, le risposte a queste domande sono cos\u00ec evidenti che \u00e8 inutile porsele. Le ragioni su cui poggiano i loro sentimenti si rifanno alla loro identit\u00e0 pi\u00f9 profonda; giungono dai ruoli che giocano all&#8217;interno delle societ\u00e0 contemporanee e dalle tradizioni storiche che li ispirano. La loro identit\u00e0, la loro posizione sociale e la loro storia sono all&#8217;origine dei loro attacchi contro il capitalismo e la borghesia.<\/p>\n<p class=\"center\"><strong>Leggere il rapporto:<br \/>\n<a href=\"--------------\" rel=\"external\">Giustizia, libert\u00e0 e paradossi egualitari<\/a><br \/>\n(5 pagine, PDF)<\/strong><\/p>\n","protected":false},"featured_media":9813,"template":"","tag":[159,1344,150,615],"class_list":["post-12258","denkanstoesse","type-denkanstoesse","status-publish","has-post-thumbnail","hentry","tags-autonomia-privata","tags-centralismo","tags-cultura","tags-etica"],"acf":[],"yoast_head":"<!-- This site is optimized with the Yoast SEO plugin v27.3 - https:\/\/yoast.com\/product\/yoast-seo-wordpress\/ -->\n<title>La relazione complicata tra gli intellettuali e il denaro - Istituto Liberale<\/title>\n<meta name=\"robots\" content=\"index, follow, max-snippet:-1, max-image-preview:large, max-video-preview:-1\" \/>\n<link rel=\"canonical\" href=\"https:\/\/www.libinst.ch\/it\/spunti-di-riflessione\/la-relazione-complicata-tra-gli-intellettuali-e-il-denaro\/\" \/>\n<meta property=\"og:locale\" content=\"it_IT\" \/>\n<meta property=\"og:type\" content=\"article\" \/>\n<meta property=\"og:title\" content=\"La relazione complicata tra gli intellettuali e il denaro - Istituto Liberale\" \/>\n<meta property=\"og:description\" content=\"Nel corso degli ultimi 150 anni, in molti hanno dichiarato il loro sdegno nei confronti dell&#8217;economia di mercato e dei capitalisti: sono stati scritti romanzi, opere teatrali e pamphlet per denunciare i supposti misfatti del sistema economico in cui vivono i loro stessi autori. L&#8217;antipatia e il disprezzo per la \u201cborghesia\u201d, per il ceto medio, [&hellip;]\" \/>\n<meta property=\"og:url\" content=\"https:\/\/www.libinst.ch\/it\/spunti-di-riflessione\/la-relazione-complicata-tra-gli-intellettuali-e-il-denaro\/\" \/>\n<meta property=\"og:site_name\" content=\"Istituto Liberale\" \/>\n<meta property=\"og:image\" content=\"https:\/\/www.libinst.ch\/wp-content\/uploads\/2023\/05\/leader-protesta.jpg\" \/>\n\t<meta property=\"og:image:width\" content=\"1920\" \/>\n\t<meta property=\"og:image:height\" content=\"640\" \/>\n\t<meta property=\"og:image:type\" content=\"image\/jpeg\" \/>\n<meta name=\"twitter:card\" content=\"summary_large_image\" \/>\n<meta name=\"twitter:label1\" content=\"Tempo di lettura stimato\" \/>\n\t<meta name=\"twitter:data1\" content=\"2 minuti\" \/>\n<script type=\"application\/ld+json\" class=\"yoast-schema-graph\">{\"@context\":\"https:\\\/\\\/schema.org\",\"@graph\":[{\"@type\":\"WebPage\",\"@id\":\"https:\\\/\\\/www.libinst.ch\\\/it\\\/spunti-di-riflessione\\\/la-relazione-complicata-tra-gli-intellettuali-e-il-denaro\\\/\",\"url\":\"https:\\\/\\\/www.libinst.ch\\\/it\\\/spunti-di-riflessione\\\/la-relazione-complicata-tra-gli-intellettuali-e-il-denaro\\\/\",\"name\":\"La relazione complicata tra gli intellettuali e il denaro - Istituto Liberale\",\"isPartOf\":{\"@id\":\"\\\/#website\"},\"primaryImageOfPage\":{\"@id\":\"https:\\\/\\\/www.libinst.ch\\\/it\\\/spunti-di-riflessione\\\/la-relazione-complicata-tra-gli-intellettuali-e-il-denaro\\\/#primaryimage\"},\"image\":{\"@id\":\"https:\\\/\\\/www.libinst.ch\\\/it\\\/spunti-di-riflessione\\\/la-relazione-complicata-tra-gli-intellettuali-e-il-denaro\\\/#primaryimage\"},\"thumbnailUrl\":\"https:\\\/\\\/www.libinst.ch\\\/wp-content\\\/uploads\\\/2023\\\/05\\\/leader-protesta.jpg\",\"datePublished\":\"2020-03-12T23:00:00+00:00\",\"breadcrumb\":{\"@id\":\"https:\\\/\\\/www.libinst.ch\\\/it\\\/spunti-di-riflessione\\\/la-relazione-complicata-tra-gli-intellettuali-e-il-denaro\\\/#breadcrumb\"},\"inLanguage\":\"it-IT\",\"potentialAction\":[{\"@type\":\"ReadAction\",\"target\":[\"https:\\\/\\\/www.libinst.ch\\\/it\\\/spunti-di-riflessione\\\/la-relazione-complicata-tra-gli-intellettuali-e-il-denaro\\\/\"]}]},{\"@type\":\"ImageObject\",\"inLanguage\":\"it-IT\",\"@id\":\"https:\\\/\\\/www.libinst.ch\\\/it\\\/spunti-di-riflessione\\\/la-relazione-complicata-tra-gli-intellettuali-e-il-denaro\\\/#primaryimage\",\"url\":\"https:\\\/\\\/www.libinst.ch\\\/wp-content\\\/uploads\\\/2023\\\/05\\\/leader-protesta.jpg\",\"contentUrl\":\"https:\\\/\\\/www.libinst.ch\\\/wp-content\\\/uploads\\\/2023\\\/05\\\/leader-protesta.jpg\",\"width\":1920,\"height\":640,\"caption\":\"Political demonstration. Cheerful party man with speaker. Protest angry youth crowd. Riot silhouette vector\"},{\"@type\":\"BreadcrumbList\",\"@id\":\"https:\\\/\\\/www.libinst.ch\\\/it\\\/spunti-di-riflessione\\\/la-relazione-complicata-tra-gli-intellettuali-e-il-denaro\\\/#breadcrumb\",\"itemListElement\":[{\"@type\":\"ListItem\",\"position\":1,\"name\":\"Home\",\"item\":\"https:\\\/\\\/www.libinst.ch\\\/\"},{\"@type\":\"ListItem\",\"position\":2,\"name\":\"La relazione complicata tra gli intellettuali e il denaro\"}]},{\"@type\":\"WebSite\",\"@id\":\"\\\/#website\",\"url\":\"\\\/\",\"name\":\"Istituto Liberale\",\"description\":\"\",\"publisher\":{\"@id\":\"\\\/#organization\"},\"potentialAction\":[{\"@type\":\"SearchAction\",\"target\":{\"@type\":\"EntryPoint\",\"urlTemplate\":\"\\\/?s={search_term_string}\"},\"query-input\":{\"@type\":\"PropertyValueSpecification\",\"valueRequired\":true,\"valueName\":\"search_term_string\"}}],\"inLanguage\":\"it-IT\"},{\"@type\":\"Organization\",\"@id\":\"\\\/#organization\",\"name\":\"Istituto Liberale\",\"url\":\"\\\/\",\"logo\":{\"@type\":\"ImageObject\",\"inLanguage\":\"it-IT\",\"@id\":\"\\\/#\\\/schema\\\/logo\\\/image\\\/\",\"url\":\"https:\\\/\\\/www.libinst.ch\\\/wp-content\\\/uploads\\\/2023\\\/08\\\/logo-instituto-liberale.png\",\"contentUrl\":\"https:\\\/\\\/www.libinst.ch\\\/wp-content\\\/uploads\\\/2023\\\/08\\\/logo-instituto-liberale.png\",\"width\":2935,\"height\":458,\"caption\":\"Istituto Liberale\"},\"image\":{\"@id\":\"\\\/#\\\/schema\\\/logo\\\/image\\\/\"}}]}<\/script>\n<!-- \/ Yoast SEO plugin. -->","yoast_head_json":{"title":"La relazione complicata tra gli intellettuali e il denaro - Istituto Liberale","robots":{"index":"index","follow":"follow","max-snippet":"max-snippet:-1","max-image-preview":"max-image-preview:large","max-video-preview":"max-video-preview:-1"},"canonical":"https:\/\/www.libinst.ch\/it\/spunti-di-riflessione\/la-relazione-complicata-tra-gli-intellettuali-e-il-denaro\/","og_locale":"it_IT","og_type":"article","og_title":"La relazione complicata tra gli intellettuali e il denaro - Istituto Liberale","og_description":"Nel corso degli ultimi 150 anni, in molti hanno dichiarato il loro sdegno nei confronti dell&#8217;economia di mercato e dei capitalisti: sono stati scritti romanzi, opere teatrali e pamphlet per denunciare i supposti misfatti del sistema economico in cui vivono i loro stessi autori. L&#8217;antipatia e il disprezzo per la \u201cborghesia\u201d, per il ceto medio, [&hellip;]","og_url":"https:\/\/www.libinst.ch\/it\/spunti-di-riflessione\/la-relazione-complicata-tra-gli-intellettuali-e-il-denaro\/","og_site_name":"Istituto Liberale","og_image":[{"width":1920,"height":640,"url":"https:\/\/www.libinst.ch\/wp-content\/uploads\/2023\/05\/leader-protesta.jpg","type":"image\/jpeg"}],"twitter_card":"summary_large_image","twitter_misc":{"Tempo di lettura stimato":"2 minuti"},"schema":{"@context":"https:\/\/schema.org","@graph":[{"@type":"WebPage","@id":"https:\/\/www.libinst.ch\/it\/spunti-di-riflessione\/la-relazione-complicata-tra-gli-intellettuali-e-il-denaro\/","url":"https:\/\/www.libinst.ch\/it\/spunti-di-riflessione\/la-relazione-complicata-tra-gli-intellettuali-e-il-denaro\/","name":"La relazione complicata tra gli intellettuali e il denaro - Istituto Liberale","isPartOf":{"@id":"\/#website"},"primaryImageOfPage":{"@id":"https:\/\/www.libinst.ch\/it\/spunti-di-riflessione\/la-relazione-complicata-tra-gli-intellettuali-e-il-denaro\/#primaryimage"},"image":{"@id":"https:\/\/www.libinst.ch\/it\/spunti-di-riflessione\/la-relazione-complicata-tra-gli-intellettuali-e-il-denaro\/#primaryimage"},"thumbnailUrl":"https:\/\/www.libinst.ch\/wp-content\/uploads\/2023\/05\/leader-protesta.jpg","datePublished":"2020-03-12T23:00:00+00:00","breadcrumb":{"@id":"https:\/\/www.libinst.ch\/it\/spunti-di-riflessione\/la-relazione-complicata-tra-gli-intellettuali-e-il-denaro\/#breadcrumb"},"inLanguage":"it-IT","potentialAction":[{"@type":"ReadAction","target":["https:\/\/www.libinst.ch\/it\/spunti-di-riflessione\/la-relazione-complicata-tra-gli-intellettuali-e-il-denaro\/"]}]},{"@type":"ImageObject","inLanguage":"it-IT","@id":"https:\/\/www.libinst.ch\/it\/spunti-di-riflessione\/la-relazione-complicata-tra-gli-intellettuali-e-il-denaro\/#primaryimage","url":"https:\/\/www.libinst.ch\/wp-content\/uploads\/2023\/05\/leader-protesta.jpg","contentUrl":"https:\/\/www.libinst.ch\/wp-content\/uploads\/2023\/05\/leader-protesta.jpg","width":1920,"height":640,"caption":"Political demonstration. Cheerful party man with speaker. Protest angry youth crowd. Riot silhouette vector"},{"@type":"BreadcrumbList","@id":"https:\/\/www.libinst.ch\/it\/spunti-di-riflessione\/la-relazione-complicata-tra-gli-intellettuali-e-il-denaro\/#breadcrumb","itemListElement":[{"@type":"ListItem","position":1,"name":"Home","item":"https:\/\/www.libinst.ch\/"},{"@type":"ListItem","position":2,"name":"La relazione complicata tra gli intellettuali e il denaro"}]},{"@type":"WebSite","@id":"\/#website","url":"\/","name":"Istituto Liberale","description":"","publisher":{"@id":"\/#organization"},"potentialAction":[{"@type":"SearchAction","target":{"@type":"EntryPoint","urlTemplate":"\/?s={search_term_string}"},"query-input":{"@type":"PropertyValueSpecification","valueRequired":true,"valueName":"search_term_string"}}],"inLanguage":"it-IT"},{"@type":"Organization","@id":"\/#organization","name":"Istituto Liberale","url":"\/","logo":{"@type":"ImageObject","inLanguage":"it-IT","@id":"\/#\/schema\/logo\/image\/","url":"https:\/\/www.libinst.ch\/wp-content\/uploads\/2023\/08\/logo-instituto-liberale.png","contentUrl":"https:\/\/www.libinst.ch\/wp-content\/uploads\/2023\/08\/logo-instituto-liberale.png","width":2935,"height":458,"caption":"Istituto Liberale"},"image":{"@id":"\/#\/schema\/logo\/image\/"}}]}},"_links":{"self":[{"href":"https:\/\/www.libinst.ch\/it\/wp-json\/wp\/v2\/denkanstoesse\/12258","targetHints":{"allow":["GET"]}}],"collection":[{"href":"https:\/\/www.libinst.ch\/it\/wp-json\/wp\/v2\/denkanstoesse"}],"about":[{"href":"https:\/\/www.libinst.ch\/it\/wp-json\/wp\/v2\/types\/denkanstoesse"}],"wp:featuredmedia":[{"embeddable":true,"href":"https:\/\/www.libinst.ch\/it\/wp-json\/wp\/v2\/media\/9813"}],"wp:attachment":[{"href":"https:\/\/www.libinst.ch\/it\/wp-json\/wp\/v2\/media?parent=12258"}],"wp:term":[{"taxonomy":"tags","embeddable":true,"href":"https:\/\/www.libinst.ch\/it\/wp-json\/wp\/v2\/tag?post=12258"}],"curies":[{"name":"wp","href":"https:\/\/api.w.org\/{rel}","templated":true}]}}

<p class="first"><span class="first-letter">N</span>el corso degli ultimi 150 anni, in molti hanno dichiarato il loro sdegno nei confronti dell&#8217;economia di mercato e dei capitalisti: sono stati scritti romanzi, opere teatrali e pamphlet per denunciare i supposti misfatti del sistema economico in cui vivono i loro stessi autori. L&#8217;antipatia e il disprezzo per la “borghesia”, per il ceto medio, per l&#8217;industria e il commercio sono stati temi centrali per i più rinomati scrittori e artisti occidentali.</p>
<p>Questi sentimenti sono stati espressi da personalità diversissime, da Gustave Flaubert a Karl Marx, da T. S. Eliot a Pablo Picasso. E si potrebbe continuare ad aggiungere centinaia di voci celebri a questa lista, da Matthew Arnold a Émile Zola. Chi ha espresso il proprio rigetto nei confronti dell&#8217;economia di mercato ha preso parte ai movimenti più disparati, dal nazionalismo all&#8217;antisemitismo, al socialismo, al fascismo, al comunismo, alle terze vie. L&#8217;anticapitalismo continua ad assumere forme sempre nuove anche oggi, tra cui il terzomondismo, il movimento dei verdi, il comunitarismo e i fautori della decrescita felice. Non mancano gli Steve Bannon di questo mondo. L&#8217;intellighenzia in auge ha domato a queste collettanee la forza, la legittimità e la leadership che altrimenti non avrebbero avuto. Questo spregio del capitalismo s&#8217;è fatto filo conduttore dai radicali del XIX secolo, ai simpatizzanti comunisti e fascisti del XX secolo, fino agli attivisti no-global del XXI secolo, tra le altre iniziative. Più qualcuno rivendica lo status di intellettuale, più aumenta la probabilità che si opponga al corrente sistema economico.</p>
<p>Perché così tanti intellettuali provano astio verso l&#8217;economia di mercato? Che cosa può rispondergli? Per molti di loro, le risposte a queste domande sono così evidenti che è inutile porsele. Le ragioni su cui poggiano i loro sentimenti si rifanno alla loro identità più profonda; giungono dai ruoli che giocano all&#8217;interno delle società contemporanee e dalle tradizioni storiche che li ispirano. La loro identità, la loro posizione sociale e la loro storia sono all&#8217;origine dei loro attacchi contro il capitalismo e la borghesia.</p>
<p class="center"><strong>Leggere il rapporto:<br />
<a href="--------------" rel="external">Giustizia, libertà e paradossi egualitari</a><br />
(5 pagine, PDF)</strong></p>
