{"id":26889,"date":"2024-11-11T17:46:59","date_gmt":"2024-11-11T16:46:59","guid":{"rendered":"https:\/\/www.libinst.ch\/?post_type=events&#038;p=26889"},"modified":"2024-11-15T23:11:05","modified_gmt":"2024-11-15T22:11:05","slug":"neocostituzionalismo-nuovo-rapporto-tra-leggi-e-diritto","status":"publish","type":"events","link":"https:\/\/www.libinst.ch\/it\/eventi\/neocostituzionalismo-nuovo-rapporto-tra-leggi-e-diritto\/","title":{"rendered":"Neocostituzionalismo: nuovo rapporto tra leggi e diritto?"},"content":{"rendered":"<p><strong>Nicol\u00f2 Zanon<\/strong>\u00a0(professore ordinario all\u2019Universit\u00e0 di Milano e gi\u00e0 giudice della Corte Costituzionale italiana) interverr\u00e0 a Lugano per sviluppare una personale riflessione sul \u201cneocostituzionalismo\u201d e, in particolare, sul modo in cui questa scuola di pensiero intende il rapporto tra legislatori, giudici e principi costituzionali. Entro questa tradizione, in effetti, \u00e8 stata affermata l\u2019esigenza di un attivismo giudiziario che ha portato a stringere sempre pi\u00f9 i rapporti tra magistratura e politica, mettendo sempre pi\u00f9 in crisi la tradizionale \u201cdivisione dei poteri\u201d. Oltre a ci\u00f2, non soltanto abbiamo una confusa sovrapposizione tra diritto ed etica, tra norme e ideologia, ma si assiste pure alla dilatazione del potere dei giudici ordinari e ancor pi\u00f9 di quelli costituzionali, con gravi conseguenza anche per la certezza del diritto.<\/p>\n<p>L\u2019evento \u00e8 organizzato in collaborazione con LPU (Law and Politics in USI) e Students For Liberty Svizzera.<\/p>\n<p>Relatore:<br \/>\n<strong>Nicol\u00f2 Zanon<\/strong>, professore ordinario in Diritto costituzionale ed ex-vicepresidente della Corte Costituzionale italiana<\/p>\n<p>Presentazione:<br \/>\n<strong>Carlo Lottieri<\/strong>, Presidente dell\u2019Istituto Liberale<\/p>\n","protected":false},"featured_media":10740,"template":"","tag":[157],"class_list":["post-26889","events","type-events","status-publish","has-post-thumbnail","hentry","tags-regolamentazione"],"acf":[],"yoast_head":"<!-- This site is optimized with the Yoast SEO plugin v27.3 - https:\/\/yoast.com\/product\/yoast-seo-wordpress\/ -->\n<title>Neocostituzionalismo: nuovo rapporto tra leggi e diritto? - Istituto Liberale<\/title>\n<meta name=\"robots\" content=\"index, follow, max-snippet:-1, max-image-preview:large, max-video-preview:-1\" \/>\n<link rel=\"canonical\" href=\"https:\/\/www.libinst.ch\/it\/eventi\/neocostituzionalismo-nuovo-rapporto-tra-leggi-e-diritto\/\" \/>\n<meta property=\"og:locale\" content=\"it_IT\" \/>\n<meta property=\"og:type\" content=\"article\" \/>\n<meta property=\"og:title\" content=\"Neocostituzionalismo: nuovo rapporto tra leggi e diritto? - Istituto Liberale\" \/>\n<meta property=\"og:description\" content=\"Nicol\u00f2 Zanon\u00a0(professore ordinario all\u2019Universit\u00e0 di Milano e gi\u00e0 giudice della Corte Costituzionale italiana) interverr\u00e0 a Lugano per sviluppare una personale riflessione sul \u201cneocostituzionalismo\u201d e, in particolare, sul modo in cui questa scuola di pensiero intende il rapporto tra legislatori, giudici e principi costituzionali. Entro questa tradizione, in effetti, \u00e8 stata affermata l\u2019esigenza di un attivismo [&hellip;]\" \/>\n<meta property=\"og:url\" content=\"https:\/\/www.libinst.ch\/it\/eventi\/neocostituzionalismo-nuovo-rapporto-tra-leggi-e-diritto\/\" \/>\n<meta property=\"og:site_name\" content=\"Istituto Liberale\" \/>\n<meta property=\"article:modified_time\" content=\"2024-11-15T22:11:05+00:00\" \/>\n<meta property=\"og:image\" content=\"https:\/\/www.libinst.ch\/wp-content\/uploads\/2023\/05\/statua-giustizia.jpg\" \/>\n\t<meta property=\"og:image:width\" content=\"1920\" \/>\n\t<meta property=\"og:image:height\" content=\"988\" \/>\n\t<meta property=\"og:image:type\" content=\"image\/jpeg\" \/>\n<meta name=\"twitter:card\" content=\"summary_large_image\" \/>\n<meta name=\"twitter:label1\" content=\"Tempo di lettura stimato\" \/>\n\t<meta name=\"twitter:data1\" content=\"1 minuto\" \/>\n<script type=\"application\/ld+json\" class=\"yoast-schema-graph\">{\"@context\":\"https:\\\/\\\/schema.org\",\"@graph\":[{\"@type\":\"WebPage\",\"@id\":\"https:\\\/\\\/www.libinst.ch\\\/it\\\/eventi\\\/neocostituzionalismo-nuovo-rapporto-tra-leggi-e-diritto\\\/\",\"url\":\"https:\\\/\\\/www.libinst.ch\\\/it\\\/eventi\\\/neocostituzionalismo-nuovo-rapporto-tra-leggi-e-diritto\\\/\",\"name\":\"Neocostituzionalismo: nuovo rapporto tra leggi e diritto? - Istituto Liberale\",\"isPartOf\":{\"@id\":\"\\\/#website\"},\"primaryImageOfPage\":{\"@id\":\"https:\\\/\\\/www.libinst.ch\\\/it\\\/eventi\\\/neocostituzionalismo-nuovo-rapporto-tra-leggi-e-diritto\\\/#primaryimage\"},\"image\":{\"@id\":\"https:\\\/\\\/www.libinst.ch\\\/it\\\/eventi\\\/neocostituzionalismo-nuovo-rapporto-tra-leggi-e-diritto\\\/#primaryimage\"},\"thumbnailUrl\":\"https:\\\/\\\/www.libinst.ch\\\/wp-content\\\/uploads\\\/2023\\\/05\\\/statua-giustizia.jpg\",\"datePublished\":\"2024-11-11T16:46:59+00:00\",\"dateModified\":\"2024-11-15T22:11:05+00:00\",\"breadcrumb\":{\"@id\":\"https:\\\/\\\/www.libinst.ch\\\/it\\\/eventi\\\/neocostituzionalismo-nuovo-rapporto-tra-leggi-e-diritto\\\/#breadcrumb\"},\"inLanguage\":\"it-IT\",\"potentialAction\":[{\"@type\":\"ReadAction\",\"target\":[\"https:\\\/\\\/www.libinst.ch\\\/it\\\/eventi\\\/neocostituzionalismo-nuovo-rapporto-tra-leggi-e-diritto\\\/\"]}]},{\"@type\":\"ImageObject\",\"inLanguage\":\"it-IT\",\"@id\":\"https:\\\/\\\/www.libinst.ch\\\/it\\\/eventi\\\/neocostituzionalismo-nuovo-rapporto-tra-leggi-e-diritto\\\/#primaryimage\",\"url\":\"https:\\\/\\\/www.libinst.ch\\\/wp-content\\\/uploads\\\/2023\\\/05\\\/statua-giustizia.jpg\",\"contentUrl\":\"https:\\\/\\\/www.libinst.ch\\\/wp-content\\\/uploads\\\/2023\\\/05\\\/statua-giustizia.jpg\",\"width\":1920,\"height\":988,\"caption\":\"The Statue of Justice - lady justice or Iustitia \\\/ Justitia the Roman goddess of Justice\"},{\"@type\":\"BreadcrumbList\",\"@id\":\"https:\\\/\\\/www.libinst.ch\\\/it\\\/eventi\\\/neocostituzionalismo-nuovo-rapporto-tra-leggi-e-diritto\\\/#breadcrumb\",\"itemListElement\":[{\"@type\":\"ListItem\",\"position\":1,\"name\":\"Home\",\"item\":\"https:\\\/\\\/www.libinst.ch\\\/\"},{\"@type\":\"ListItem\",\"position\":2,\"name\":\"Neocostituzionalismo: nuovo rapporto tra leggi e diritto?\"}]},{\"@type\":\"WebSite\",\"@id\":\"\\\/#website\",\"url\":\"\\\/\",\"name\":\"Istituto Liberale\",\"description\":\"\",\"publisher\":{\"@id\":\"\\\/#organization\"},\"potentialAction\":[{\"@type\":\"SearchAction\",\"target\":{\"@type\":\"EntryPoint\",\"urlTemplate\":\"\\\/?s={search_term_string}\"},\"query-input\":{\"@type\":\"PropertyValueSpecification\",\"valueRequired\":true,\"valueName\":\"search_term_string\"}}],\"inLanguage\":\"it-IT\"},{\"@type\":\"Organization\",\"@id\":\"\\\/#organization\",\"name\":\"Istituto Liberale\",\"url\":\"\\\/\",\"logo\":{\"@type\":\"ImageObject\",\"inLanguage\":\"it-IT\",\"@id\":\"\\\/#\\\/schema\\\/logo\\\/image\\\/\",\"url\":\"https:\\\/\\\/www.libinst.ch\\\/wp-content\\\/uploads\\\/2023\\\/08\\\/logo-instituto-liberale.png\",\"contentUrl\":\"https:\\\/\\\/www.libinst.ch\\\/wp-content\\\/uploads\\\/2023\\\/08\\\/logo-instituto-liberale.png\",\"width\":2935,\"height\":458,\"caption\":\"Istituto Liberale\"},\"image\":{\"@id\":\"\\\/#\\\/schema\\\/logo\\\/image\\\/\"}}]}<\/script>\n<!-- \/ Yoast SEO plugin. -->","yoast_head_json":{"title":"Neocostituzionalismo: nuovo rapporto tra leggi e diritto? - Istituto Liberale","robots":{"index":"index","follow":"follow","max-snippet":"max-snippet:-1","max-image-preview":"max-image-preview:large","max-video-preview":"max-video-preview:-1"},"canonical":"https:\/\/www.libinst.ch\/it\/eventi\/neocostituzionalismo-nuovo-rapporto-tra-leggi-e-diritto\/","og_locale":"it_IT","og_type":"article","og_title":"Neocostituzionalismo: nuovo rapporto tra leggi e diritto? - Istituto Liberale","og_description":"Nicol\u00f2 Zanon\u00a0(professore ordinario all\u2019Universit\u00e0 di Milano e gi\u00e0 giudice della Corte Costituzionale italiana) interverr\u00e0 a Lugano per sviluppare una personale riflessione sul \u201cneocostituzionalismo\u201d e, in particolare, sul modo in cui questa scuola di pensiero intende il rapporto tra legislatori, giudici e principi costituzionali. Entro questa tradizione, in effetti, \u00e8 stata affermata l\u2019esigenza di un attivismo [&hellip;]","og_url":"https:\/\/www.libinst.ch\/it\/eventi\/neocostituzionalismo-nuovo-rapporto-tra-leggi-e-diritto\/","og_site_name":"Istituto Liberale","article_modified_time":"2024-11-15T22:11:05+00:00","og_image":[{"width":1920,"height":988,"url":"https:\/\/www.libinst.ch\/wp-content\/uploads\/2023\/05\/statua-giustizia.jpg","type":"image\/jpeg"}],"twitter_card":"summary_large_image","twitter_misc":{"Tempo di lettura stimato":"1 minuto"},"schema":{"@context":"https:\/\/schema.org","@graph":[{"@type":"WebPage","@id":"https:\/\/www.libinst.ch\/it\/eventi\/neocostituzionalismo-nuovo-rapporto-tra-leggi-e-diritto\/","url":"https:\/\/www.libinst.ch\/it\/eventi\/neocostituzionalismo-nuovo-rapporto-tra-leggi-e-diritto\/","name":"Neocostituzionalismo: nuovo rapporto tra leggi e diritto? - Istituto Liberale","isPartOf":{"@id":"\/#website"},"primaryImageOfPage":{"@id":"https:\/\/www.libinst.ch\/it\/eventi\/neocostituzionalismo-nuovo-rapporto-tra-leggi-e-diritto\/#primaryimage"},"image":{"@id":"https:\/\/www.libinst.ch\/it\/eventi\/neocostituzionalismo-nuovo-rapporto-tra-leggi-e-diritto\/#primaryimage"},"thumbnailUrl":"https:\/\/www.libinst.ch\/wp-content\/uploads\/2023\/05\/statua-giustizia.jpg","datePublished":"2024-11-11T16:46:59+00:00","dateModified":"2024-11-15T22:11:05+00:00","breadcrumb":{"@id":"https:\/\/www.libinst.ch\/it\/eventi\/neocostituzionalismo-nuovo-rapporto-tra-leggi-e-diritto\/#breadcrumb"},"inLanguage":"it-IT","potentialAction":[{"@type":"ReadAction","target":["https:\/\/www.libinst.ch\/it\/eventi\/neocostituzionalismo-nuovo-rapporto-tra-leggi-e-diritto\/"]}]},{"@type":"ImageObject","inLanguage":"it-IT","@id":"https:\/\/www.libinst.ch\/it\/eventi\/neocostituzionalismo-nuovo-rapporto-tra-leggi-e-diritto\/#primaryimage","url":"https:\/\/www.libinst.ch\/wp-content\/uploads\/2023\/05\/statua-giustizia.jpg","contentUrl":"https:\/\/www.libinst.ch\/wp-content\/uploads\/2023\/05\/statua-giustizia.jpg","width":1920,"height":988,"caption":"The Statue of Justice - lady justice or Iustitia \/ Justitia the Roman goddess of Justice"},{"@type":"BreadcrumbList","@id":"https:\/\/www.libinst.ch\/it\/eventi\/neocostituzionalismo-nuovo-rapporto-tra-leggi-e-diritto\/#breadcrumb","itemListElement":[{"@type":"ListItem","position":1,"name":"Home","item":"https:\/\/www.libinst.ch\/"},{"@type":"ListItem","position":2,"name":"Neocostituzionalismo: nuovo rapporto tra leggi e diritto?"}]},{"@type":"WebSite","@id":"\/#website","url":"\/","name":"Istituto Liberale","description":"","publisher":{"@id":"\/#organization"},"potentialAction":[{"@type":"SearchAction","target":{"@type":"EntryPoint","urlTemplate":"\/?s={search_term_string}"},"query-input":{"@type":"PropertyValueSpecification","valueRequired":true,"valueName":"search_term_string"}}],"inLanguage":"it-IT"},{"@type":"Organization","@id":"\/#organization","name":"Istituto Liberale","url":"\/","logo":{"@type":"ImageObject","inLanguage":"it-IT","@id":"\/#\/schema\/logo\/image\/","url":"https:\/\/www.libinst.ch\/wp-content\/uploads\/2023\/08\/logo-instituto-liberale.png","contentUrl":"https:\/\/www.libinst.ch\/wp-content\/uploads\/2023\/08\/logo-instituto-liberale.png","width":2935,"height":458,"caption":"Istituto Liberale"},"image":{"@id":"\/#\/schema\/logo\/image\/"}}]}},"_links":{"self":[{"href":"https:\/\/www.libinst.ch\/it\/wp-json\/wp\/v2\/events\/26889","targetHints":{"allow":["GET"]}}],"collection":[{"href":"https:\/\/www.libinst.ch\/it\/wp-json\/wp\/v2\/events"}],"about":[{"href":"https:\/\/www.libinst.ch\/it\/wp-json\/wp\/v2\/types\/events"}],"wp:featuredmedia":[{"embeddable":true,"href":"https:\/\/www.libinst.ch\/it\/wp-json\/wp\/v2\/media\/10740"}],"wp:attachment":[{"href":"https:\/\/www.libinst.ch\/it\/wp-json\/wp\/v2\/media?parent=26889"}],"wp:term":[{"taxonomy":"tags","embeddable":true,"href":"https:\/\/www.libinst.ch\/it\/wp-json\/wp\/v2\/tag?post=26889"}],"curies":[{"name":"wp","href":"https:\/\/api.w.org\/{rel}","templated":true}]}}

<p><strong>Nicolò Zanon</strong> (professore ordinario all’Università di Milano e già giudice della Corte Costituzionale italiana) interverrà a Lugano per sviluppare una personale riflessione sul “neocostituzionalismo” e, in particolare, sul modo in cui questa scuola di pensiero intende il rapporto tra legislatori, giudici e principi costituzionali. Entro questa tradizione, in effetti, è stata affermata l’esigenza di un attivismo giudiziario che ha portato a stringere sempre più i rapporti tra magistratura e politica, mettendo sempre più in crisi la tradizionale “divisione dei poteri”. Oltre a ciò, non soltanto abbiamo una confusa sovrapposizione tra diritto ed etica, tra norme e ideologia, ma si assiste pure alla dilatazione del potere dei giudici ordinari e ancor più di quelli costituzionali, con gravi conseguenza anche per la certezza del diritto.</p>
<p>L’evento è organizzato in collaborazione con LPU (Law and Politics in USI) e Students For Liberty Svizzera.</p>
<p>Relatore:<br />
<strong>Nicolò Zanon</strong>, professore ordinario in Diritto costituzionale ed ex-vicepresidente della Corte Costituzionale italiana</p>
<p>Presentazione:<br />
<strong>Carlo Lottieri</strong>, Presidente dell’Istituto Liberale</p>

<!-- This site is optimized with the Yoast SEO plugin v27.3 - https://yoast.com/product/yoast-seo-wordpress/ -->
<title>Neocostituzionalismo: nuovo rapporto tra leggi e diritto? - Istituto Liberale</title>
<meta name="robots" content="index, follow, max-snippet:-1, max-image-preview:large, max-video-preview:-1" />
<link rel="canonical" href="https://www.libinst.ch/it/eventi/neocostituzionalismo-nuovo-rapporto-tra-leggi-e-diritto/" />
<meta property="og:locale" content="it_IT" />
<meta property="og:type" content="article" />
<meta property="og:title" content="Neocostituzionalismo: nuovo rapporto tra leggi e diritto? - Istituto Liberale" />
<meta property="og:description" content="Nicolò Zanon (professore ordinario all’Università di Milano e già giudice della Corte Costituzionale italiana) interverrà a Lugano per sviluppare una personale riflessione sul “neocostituzionalismo” e, in particolare, sul modo in cui questa scuola di pensiero intende il rapporto tra legislatori, giudici e principi costituzionali. Entro questa tradizione, in effetti, è stata affermata l’esigenza di un attivismo [&hellip;]" />
<meta property="og:url" content="https://www.libinst.ch/it/eventi/neocostituzionalismo-nuovo-rapporto-tra-leggi-e-diritto/" />
<meta property="og:site_name" content="Istituto Liberale" />
<meta property="article:modified_time" content="2024-11-15T22:11:05+00:00" />
<meta property="og:image" content="https://www.libinst.ch/wp-content/uploads/2023/05/statua-giustizia.jpg" />
	<meta property="og:image:width" content="1920" />
	<meta property="og:image:height" content="988" />
	<meta property="og:image:type" content="image/jpeg" />
<meta name="twitter:card" content="summary_large_image" />
<meta name="twitter:label1" content="Tempo di lettura stimato" />
	<meta name="twitter:data1" content="1 minuto" />
<script type="application/ld+json" class="yoast-schema-graph">{"@context":"https:\/\/schema.org","@graph":[{"@type":"WebPage","@id":"https:\/\/www.libinst.ch\/it\/eventi\/neocostituzionalismo-nuovo-rapporto-tra-leggi-e-diritto\/","url":"https:\/\/www.libinst.ch\/it\/eventi\/neocostituzionalismo-nuovo-rapporto-tra-leggi-e-diritto\/","name":"Neocostituzionalismo: nuovo rapporto tra leggi e diritto? - Istituto Liberale","isPartOf":{"@id":"\/#website"},"primaryImageOfPage":{"@id":"https:\/\/www.libinst.ch\/it\/eventi\/neocostituzionalismo-nuovo-rapporto-tra-leggi-e-diritto\/#primaryimage"},"image":{"@id":"https:\/\/www.libinst.ch\/it\/eventi\/neocostituzionalismo-nuovo-rapporto-tra-leggi-e-diritto\/#primaryimage"},"thumbnailUrl":"https:\/\/www.libinst.ch\/wp-content\/uploads\/2023\/05\/statua-giustizia.jpg","datePublished":"2024-11-11T16:46:59+00:00","dateModified":"2024-11-15T22:11:05+00:00","breadcrumb":{"@id":"https:\/\/www.libinst.ch\/it\/eventi\/neocostituzionalismo-nuovo-rapporto-tra-leggi-e-diritto\/#breadcrumb"},"inLanguage":"it-IT","potentialAction":[{"@type":"ReadAction","target":["https:\/\/www.libinst.ch\/it\/eventi\/neocostituzionalismo-nuovo-rapporto-tra-leggi-e-diritto\/"]}]},{"@type":"ImageObject","inLanguage":"it-IT","@id":"https:\/\/www.libinst.ch\/it\/eventi\/neocostituzionalismo-nuovo-rapporto-tra-leggi-e-diritto\/#primaryimage","url":"https:\/\/www.libinst.ch\/wp-content\/uploads\/2023\/05\/statua-giustizia.jpg","contentUrl":"https:\/\/www.libinst.ch\/wp-content\/uploads\/2023\/05\/statua-giustizia.jpg","width":1920,"height":988,"caption":"The Statue of Justice - lady justice or Iustitia \/ Justitia the Roman goddess of Justice"},{"@type":"BreadcrumbList","@id":"https:\/\/www.libinst.ch\/it\/eventi\/neocostituzionalismo-nuovo-rapporto-tra-leggi-e-diritto\/#breadcrumb","itemListElement":[{"@type":"ListItem","position":1,"name":"Home","item":"https:\/\/www.libinst.ch\/"},{"@type":"ListItem","position":2,"name":"Neocostituzionalismo: nuovo rapporto tra leggi e diritto?"}]},{"@type":"WebSite","@id":"\/#website","url":"\/","name":"Istituto Liberale","description":"","publisher":{"@id":"\/#organization"},"potentialAction":[{"@type":"SearchAction","target":{"@type":"EntryPoint","urlTemplate":"\/?s={search_term_string}"},"query-input":{"@type":"PropertyValueSpecification","valueRequired":true,"valueName":"search_term_string"}}],"inLanguage":"it-IT"},{"@type":"Organization","@id":"\/#organization","name":"Istituto Liberale","url":"\/","logo":{"@type":"ImageObject","inLanguage":"it-IT","@id":"\/#\/schema\/logo\/image\/","url":"https:\/\/www.libinst.ch\/wp-content\/uploads\/2023\/08\/logo-instituto-liberale.png","contentUrl":"https:\/\/www.libinst.ch\/wp-content\/uploads\/2023\/08\/logo-instituto-liberale.png","width":2935,"height":458,"caption":"Istituto Liberale"},"image":{"@id":"\/#\/schema\/logo\/image\/"}}]}</script>
<!-- / Yoast SEO plugin. -->

Nicolò Zanon (professore ordinario all’Università di Milano e già giudice della Corte Costituzionale italiana) interverrà a Lugano per sviluppare una personale riflessione sul “neocostituzionalismo” e, in particolare, sul modo in cui questa scuola di pensiero intende il rapporto tra legislatori, giudici e principi costituzionali. Entro questa tradizione, in effetti, è stata affermata l’esigenza di un attivismo [&hellip;]
